{"id":256,"date":"2023-12-15T08:46:57","date_gmt":"2023-12-15T11:46:57","guid":{"rendered":"https:\/\/campogrande.nucleo.site\/sas\/?page_id=256"},"modified":"2023-12-15T08:46:57","modified_gmt":"2023-12-15T11:46:57","slug":"vigilancia-socioassistencial","status":"publish","type":"page","link":"https:\/\/campogrande.nucleo.site\/sas\/vigilancia-socioassistencial\/","title":{"rendered":"Vigil\u00e2ncia Socioassistencial\u00a0"},"content":{"rendered":"\n<div class=\"wp-block-group is-layout-constrained wp-container-core-group-is-layout-3b0f2f7d wp-block-group-is-layout-constrained\" style=\"padding-right:20px;padding-left:20px\">\n<div class=\"wp-block-group has-grey-20-background-color has-background is-layout-constrained wp-container-core-group-is-layout-edcd9cee wp-block-group-is-layout-constrained\" style=\"border-radius:20px;padding-top:30px;padding-right:30px;padding-bottom:30px;padding-left:30px\">\n<p><strong>O que \u00e9?<\/strong><\/p>\n\n\n\n<p>A Vigil\u00e2ncia Socioassistencial tem como responsabilidade a produ\u00e7\u00e3o, sistematiza\u00e7\u00e3o e an\u00e1lise de informa\u00e7\u00f5es territorializadas sobre as situa\u00e7\u00f5es de risco e vulnerabilidade que incidem sobre fam\u00edlias e indiv\u00edduos, assim como informa\u00e7\u00f5es relativas ao tipo, volume e padr\u00f5es de qualidade dos servi\u00e7os ofertados pela rede socioassistencial.<\/p>\n\n\n\n<p>Constitui-se como \u00e1rea essencialmente dedicada \u00e0 gest\u00e3o da informa\u00e7\u00e3o, fortemente comprometida com o efetivo apoio \u00e0s atividades de planejamento, gest\u00e3o, supervis\u00e3o e execu\u00e7\u00e3o dos servi\u00e7os e benef\u00edcios socioassistenciais, devendo produzir e disseminar informa\u00e7\u00f5es e conhecimentos que contribuam para efetiva\u00e7\u00e3o do car\u00e1ter preventivo e proativo da pol\u00edtica de assist\u00eancia social,&nbsp;bem como para a redu\u00e7\u00e3o dos agravos.<\/p>\n<\/div>\n<\/div>\n","protected":false},"excerpt":{"rendered":"<p>O que \u00e9? A Vigil\u00e2ncia Socioassistencial tem como responsabilidade a produ\u00e7\u00e3o, sistematiza\u00e7\u00e3o e an\u00e1lise de informa\u00e7\u00f5es territorializadas sobre as situa\u00e7\u00f5es de risco e vulnerabilidade que incidem sobre fam\u00edlias e indiv\u00edduos, assim como informa\u00e7\u00f5es relativas ao tipo, volume e padr\u00f5es de qualidade dos servi\u00e7os ofertados pela rede socioassistencial. Constitui-se como \u00e1rea essencialmente dedicada \u00e0 gest\u00e3o da [&hellip;]<\/p>\n","protected":false},"author":1,"featured_media":0,"parent":0,"menu_order":0,"comment_status":"closed","ping_status":"closed","template":"","meta":{"_acf_changed":false,"custom_icon_class":"","footnotes":""},"class_list":["post-256","page","type-page","status-publish","hentry"],"acf":[],"_links":{"self":[{"href":"https:\/\/campogrande.nucleo.site\/sas\/wp-json\/wp\/v2\/pages\/256","targetHints":{"allow":["GET"]}}],"collection":[{"href":"https:\/\/campogrande.nucleo.site\/sas\/wp-json\/wp\/v2\/pages"}],"about":[{"href":"https:\/\/campogrande.nucleo.site\/sas\/wp-json\/wp\/v2\/types\/page"}],"author":[{"embeddable":true,"href":"https:\/\/campogrande.nucleo.site\/sas\/wp-json\/wp\/v2\/users\/1"}],"replies":[{"embeddable":true,"href":"https:\/\/campogrande.nucleo.site\/sas\/wp-json\/wp\/v2\/comments?post=256"}],"version-history":[{"count":1,"href":"https:\/\/campogrande.nucleo.site\/sas\/wp-json\/wp\/v2\/pages\/256\/revisions"}],"predecessor-version":[{"id":257,"href":"https:\/\/campogrande.nucleo.site\/sas\/wp-json\/wp\/v2\/pages\/256\/revisions\/257"}],"wp:attachment":[{"href":"https:\/\/campogrande.nucleo.site\/sas\/wp-json\/wp\/v2\/media?parent=256"}],"curies":[{"name":"wp","href":"https:\/\/api.w.org\/{rel}","templated":true}]}}