{"id":260,"date":"2023-12-15T09:11:25","date_gmt":"2023-12-15T12:11:25","guid":{"rendered":"https:\/\/campogrande.nucleo.site\/sas\/?page_id=260"},"modified":"2023-12-15T09:16:27","modified_gmt":"2023-12-15T12:16:27","slug":"conselho-municipal-de-assistencia-social-cmas","status":"publish","type":"page","link":"https:\/\/campogrande.nucleo.site\/sas\/conselho-municipal-de-assistencia-social-cmas\/","title":{"rendered":"Conselho Municipal de Assist\u00eancia Social (CMAS)"},"content":{"rendered":"\n<div class=\"wp-block-group is-layout-constrained wp-container-core-group-is-layout-3b0f2f7d wp-block-group-is-layout-constrained\" style=\"padding-right:20px;padding-left:20px\">\n<div class=\"wp-block-group has-grey-20-background-color has-background is-layout-constrained wp-container-core-group-is-layout-edcd9cee wp-block-group-is-layout-constrained\" style=\"border-radius:20px;padding-top:30px;padding-right:30px;padding-bottom:30px;padding-left:30px\">\n<p><strong>O que \u00e9?<\/strong><\/p>\n\n\n\n<p>O Conselho Municipal de Assist\u00eancia Social (CMAS) \u00e9 o \u00f3rg\u00e3o que re\u00fane representantes do governo e da sociedade civil para discutir, estabelecer normas e fiscalizar a presta\u00e7\u00e3o de servi\u00e7os socioassistenciais estatais e n\u00e3o estatais no Munic\u00edpio.<\/p>\n<\/div>\n<\/div>\n\n\n\n<div class=\"wp-block-columns are-vertically-aligned-center is-layout-flex wp-container-core-columns-is-layout-06bb3e02 wp-block-columns-is-layout-flex\" style=\"padding-top:30px;padding-right:50px;padding-bottom:30px;padding-left:150px\">\n<div class=\"wp-block-column is-vertically-aligned-center is-layout-flow wp-block-column-is-layout-flow\">\n<div class=\"wp-block-group is-content-justification-left is-nowrap is-layout-flex wp-container-core-group-is-layout-f19a423e wp-block-group-is-layout-flex\">        <i class=\"co-present wp-block-nwe-svg-icons has-36-font-size\"><\/i>\n        \n\n\n<p><strong>Presidente:<\/strong> Gizelli Motta do Prado<\/p>\n<\/div>\n\n\n\n<div class=\"wp-block-group is-content-justification-left is-nowrap is-layout-flex wp-container-core-group-is-layout-f19a423e wp-block-group-is-layout-flex\">        <i class=\"add-location wp-block-nwe-svg-icons has-36-font-size\"><\/i>\n        \n\n\n<p><strong>Localiza\u00e7\u00e3o:<\/strong> Rui Barbosa, 1118 &#8211; Jardim Monte L\u00edbano<\/p>\n<\/div>\n<\/div>\n\n\n\n<div class=\"wp-block-column is-vertically-aligned-center is-layout-flow wp-block-column-is-layout-flow\">\n<div class=\"wp-block-group is-content-justification-left is-nowrap is-layout-flex wp-container-core-group-is-layout-f19a423e wp-block-group-is-layout-flex\">        <i class=\"local-phone wp-block-nwe-svg-icons has-36-font-size\"><\/i>\n        \n\n\n<p><strong>Telefone: <\/strong>(67) 33144-4482 (Ramal 6106)<\/p>\n<\/div>\n\n\n\n<div class=\"wp-block-group is-content-justification-left is-nowrap is-layout-flex wp-container-core-group-is-layout-f19a423e wp-block-group-is-layout-flex\">        <i class=\"alternate-email wp-block-nwe-svg-icons has-36-font-size\"><\/i>\n        \n\n\n<p><strong>E-mail:<\/strong> caoc.cmas@outlook.com<\/p>\n<\/div>\n<\/div>\n<\/div>\n","protected":false},"excerpt":{"rendered":"<p>O que \u00e9? O Conselho Municipal de Assist\u00eancia Social (CMAS) \u00e9 o \u00f3rg\u00e3o que re\u00fane representantes do governo e da sociedade civil para discutir, estabelecer normas e fiscalizar a presta\u00e7\u00e3o de servi\u00e7os socioassistenciais estatais e n\u00e3o estatais no Munic\u00edpio. Presidente: Gizelli Motta do Prado Localiza\u00e7\u00e3o: Rui Barbosa, 1118 &#8211; Jardim Monte L\u00edbano Telefone: (67) 33144-4482 [&hellip;]<\/p>\n","protected":false},"author":1,"featured_media":0,"parent":0,"menu_order":0,"comment_status":"closed","ping_status":"closed","template":"","meta":{"_acf_changed":false,"custom_icon_class":"","footnotes":""},"class_list":["post-260","page","type-page","status-publish","hentry"],"acf":[],"_links":{"self":[{"href":"https:\/\/campogrande.nucleo.site\/sas\/wp-json\/wp\/v2\/pages\/260","targetHints":{"allow":["GET"]}}],"collection":[{"href":"https:\/\/campogrande.nucleo.site\/sas\/wp-json\/wp\/v2\/pages"}],"about":[{"href":"https:\/\/campogrande.nucleo.site\/sas\/wp-json\/wp\/v2\/types\/page"}],"author":[{"embeddable":true,"href":"https:\/\/campogrande.nucleo.site\/sas\/wp-json\/wp\/v2\/users\/1"}],"replies":[{"embeddable":true,"href":"https:\/\/campogrande.nucleo.site\/sas\/wp-json\/wp\/v2\/comments?post=260"}],"version-history":[{"count":9,"href":"https:\/\/campogrande.nucleo.site\/sas\/wp-json\/wp\/v2\/pages\/260\/revisions"}],"predecessor-version":[{"id":270,"href":"https:\/\/campogrande.nucleo.site\/sas\/wp-json\/wp\/v2\/pages\/260\/revisions\/270"}],"wp:attachment":[{"href":"https:\/\/campogrande.nucleo.site\/sas\/wp-json\/wp\/v2\/media?parent=260"}],"curies":[{"name":"wp","href":"https:\/\/api.w.org\/{rel}","templated":true}]}}