{"id":97,"date":"2023-12-13T13:48:37","date_gmt":"2023-12-13T16:48:37","guid":{"rendered":"https:\/\/campogrande.nucleo.site\/sas\/?page_id=97"},"modified":"2023-12-18T17:25:27","modified_gmt":"2023-12-18T20:25:27","slug":"protecao-especial","status":"publish","type":"page","link":"https:\/\/campogrande.nucleo.site\/sas\/protecao-especial\/","title":{"rendered":"Prote\u00e7\u00e3o Especial"},"content":{"rendered":"\n<div class=\"wp-block-group is-layout-constrained wp-container-core-group-is-layout-3b0f2f7d wp-block-group-is-layout-constrained\" style=\"padding-right:20px;padding-left:20px\">\n<div class=\"wp-block-group has-grey-20-background-color has-background is-layout-constrained wp-container-core-group-is-layout-edcd9cee wp-block-group-is-layout-constrained\" style=\"border-radius:20px;padding-top:30px;padding-right:30px;padding-bottom:30px;padding-left:30px\">\n<p><strong>O que \u00e9?<\/strong><\/p>\n\n\n\n<p>A Prote\u00e7\u00e3o Social Especial destina-se a fam\u00edlias e indiv\u00edduos em situa\u00e7\u00e3o de risco pessoal ou social, cujos direitos tenham sido violados ou amea\u00e7ados, que estejam enfrentando situa\u00e7\u00f5es de viola\u00e7\u00f5es de direitos por ocorr\u00eancia de viol\u00eancia f\u00edsica ou psicol\u00f3gica, abuso ou explora\u00e7\u00e3o sexual, abandono, rompimento ou fragiliza\u00e7\u00e3o de v\u00ednculos, ou afastamento do conv\u00edvio familiar.<\/p>\n\n\n\n<p>Diferentemente da Prote\u00e7\u00e3o Social B\u00e1sica, que tem um car\u00e1ter preventivo, a Prote\u00e7\u00e3o Social Especial atua com natureza protetiva. S\u00e3o a\u00e7\u00f5es que requerem o acompanhamento familiar e individual e maior flexibilidade nas solu\u00e7\u00f5es. Comportam encaminhamentos efetivos e monitorados, apoios e processos que assegurem qualidade na aten\u00e7\u00e3o.<\/p>\n\n\n\n<p>As a\u00e7\u00f5es da Prote\u00e7\u00e3o Especial s\u00e3o diferenciadas conforme os n\u00edveis de complexidade mediante situa\u00e7\u00e3o vivenciada pelo indiv\u00edduo ou fam\u00edlia. Os servi\u00e7os de Prote\u00e7\u00e3o Social Especial atuam diretamente ligados ao sistema de garantia de direitos, exigindo uma gest\u00e3o mais complexa e compartilhada com o Poder Judici\u00e1rio, o Minist\u00e9rio P\u00fablico e com outros \u00f3rg\u00e3os e a\u00e7\u00f5es do Executivo.<\/p>\n\n\n\n<p>Considerando os n\u00edveis de agravamento, a natureza e a especificidade do atendimento ofertado, a aten\u00e7\u00e3o na Prote\u00e7\u00e3o Social Especial organiza-se sob dois n\u00edveis de complexidade: Prote\u00e7\u00e3o Social Especial de M\u00e9dia Complexidade e Prote\u00e7\u00e3o Social Especial de Alta Complexidade.<\/p>\n<\/div>\n<\/div>\n","protected":false},"excerpt":{"rendered":"<p>O que \u00e9? A Prote\u00e7\u00e3o Social Especial destina-se a fam\u00edlias e indiv\u00edduos em situa\u00e7\u00e3o de risco pessoal ou social, cujos direitos tenham sido violados ou amea\u00e7ados, que estejam enfrentando situa\u00e7\u00f5es de viola\u00e7\u00f5es de direitos por ocorr\u00eancia de viol\u00eancia f\u00edsica ou psicol\u00f3gica, abuso ou explora\u00e7\u00e3o sexual, abandono, rompimento ou fragiliza\u00e7\u00e3o de v\u00ednculos, ou afastamento do conv\u00edvio [&hellip;]<\/p>\n","protected":false},"author":1,"featured_media":0,"parent":0,"menu_order":0,"comment_status":"closed","ping_status":"closed","template":"","meta":{"_acf_changed":false,"custom_icon_class":"","footnotes":""},"class_list":["post-97","page","type-page","status-publish","hentry"],"acf":[],"_links":{"self":[{"href":"https:\/\/campogrande.nucleo.site\/sas\/wp-json\/wp\/v2\/pages\/97","targetHints":{"allow":["GET"]}}],"collection":[{"href":"https:\/\/campogrande.nucleo.site\/sas\/wp-json\/wp\/v2\/pages"}],"about":[{"href":"https:\/\/campogrande.nucleo.site\/sas\/wp-json\/wp\/v2\/types\/page"}],"author":[{"embeddable":true,"href":"https:\/\/campogrande.nucleo.site\/sas\/wp-json\/wp\/v2\/users\/1"}],"replies":[{"embeddable":true,"href":"https:\/\/campogrande.nucleo.site\/sas\/wp-json\/wp\/v2\/comments?post=97"}],"version-history":[{"count":3,"href":"https:\/\/campogrande.nucleo.site\/sas\/wp-json\/wp\/v2\/pages\/97\/revisions"}],"predecessor-version":[{"id":325,"href":"https:\/\/campogrande.nucleo.site\/sas\/wp-json\/wp\/v2\/pages\/97\/revisions\/325"}],"wp:attachment":[{"href":"https:\/\/campogrande.nucleo.site\/sas\/wp-json\/wp\/v2\/media?parent=97"}],"curies":[{"name":"wp","href":"https:\/\/api.w.org\/{rel}","templated":true}]}}