{"id":105,"date":"2023-11-16T16:22:59","date_gmt":"2023-11-16T19:22:59","guid":{"rendered":"https:\/\/campogrande.nucleo.site\/semadur\/?page_id=105"},"modified":"2023-11-16T16:22:59","modified_gmt":"2023-11-16T19:22:59","slug":"quando-utilizar-cada-declaracao","status":"publish","type":"page","link":"https:\/\/campogrande.nucleo.site\/semadur\/quando-utilizar-cada-declaracao\/","title":{"rendered":"Quando utilizar cada declara\u00e7\u00e3o?"},"content":{"rendered":"\n<p>Veja abaixo os requisitos para utiliza\u00e7\u00e3o das declara\u00e7\u00f5es de simuladores:<\/p>\n\n\n\n<h5 class=\"wp-block-heading\">Simulador Vers\u00e3o Padr\u00e3o<\/h5>\n\n\n\n<p>Para utiliza\u00e7\u00e3o da Declara\u00e7\u00e3o contida neste anexo, o empreendimento deve obrigatoriamente atender, simultaneamente, aos seguintes crit\u00e9rios:<\/p>\n\n\n\n<ol class=\"wp-block-list\">\n<li>\u00c1rea imperme\u00e1vel inferior a 500m\u00b2 e;<\/li>\n\n\n\n<li>Taxa de permeabilidade da Zona Ambiental estabelecida pelo PDDUA na qual o im\u00f3vel est\u00e1 inserido.<\/li>\n<\/ol>\n\n\n\n<h5 class=\"wp-block-heading\" style=\"padding-top:20px\">Simulador Vers\u00e3o Detalhada<\/h5>\n\n\n\n<p>Quando o empreendimento n\u00e3o atender aos crit\u00e9rios do item anterior ou, por quest\u00f5es de prefer\u00eancia ou projeto, o requerente opte por n\u00e3o usar a Declara\u00e7\u00e3o contida no Anexo II, ent\u00e3o, deve-se utilizar a Declara\u00e7\u00e3o contida no Anexo III.<\/p>\n\n\n\n<h5 class=\"wp-block-heading\" style=\"padding-top:20px\">Simulador Loteamento<\/h5>\n\n\n\n<p>Para enquadramento na Declara\u00e7\u00e3o contida no Anexo IV, o empreendimento obrigatoriamente deve ser classificado como loteamento (fechado ou aberto) nos termos da legisla\u00e7\u00e3o vigente.<\/p>\n","protected":false},"excerpt":{"rendered":"<p>Veja abaixo os requisitos para utiliza\u00e7\u00e3o das declara\u00e7\u00f5es de simuladores: Simulador Vers\u00e3o Padr\u00e3o Para utiliza\u00e7\u00e3o da Declara\u00e7\u00e3o contida neste anexo, o empreendimento deve obrigatoriamente atender, simultaneamente, aos seguintes crit\u00e9rios: Simulador Vers\u00e3o Detalhada Quando o empreendimento n\u00e3o atender aos crit\u00e9rios do item anterior ou, por quest\u00f5es de prefer\u00eancia ou projeto, o requerente opte por n\u00e3o usar [&hellip;]<\/p>\n","protected":false},"author":1,"featured_media":0,"parent":0,"menu_order":11,"comment_status":"closed","ping_status":"closed","template":"","meta":{"_acf_changed":false,"custom_icon_class":"","footnotes":""},"class_list":["post-105","page","type-page","status-publish","hentry"],"acf":[],"_links":{"self":[{"href":"https:\/\/campogrande.nucleo.site\/semadur\/wp-json\/wp\/v2\/pages\/105","targetHints":{"allow":["GET"]}}],"collection":[{"href":"https:\/\/campogrande.nucleo.site\/semadur\/wp-json\/wp\/v2\/pages"}],"about":[{"href":"https:\/\/campogrande.nucleo.site\/semadur\/wp-json\/wp\/v2\/types\/page"}],"author":[{"embeddable":true,"href":"https:\/\/campogrande.nucleo.site\/semadur\/wp-json\/wp\/v2\/users\/1"}],"replies":[{"embeddable":true,"href":"https:\/\/campogrande.nucleo.site\/semadur\/wp-json\/wp\/v2\/comments?post=105"}],"version-history":[{"count":1,"href":"https:\/\/campogrande.nucleo.site\/semadur\/wp-json\/wp\/v2\/pages\/105\/revisions"}],"predecessor-version":[{"id":106,"href":"https:\/\/campogrande.nucleo.site\/semadur\/wp-json\/wp\/v2\/pages\/105\/revisions\/106"}],"wp:attachment":[{"href":"https:\/\/campogrande.nucleo.site\/semadur\/wp-json\/wp\/v2\/media?parent=105"}],"curies":[{"name":"wp","href":"https:\/\/api.w.org\/{rel}","templated":true}]}}