{"id":313,"date":"2023-11-17T16:26:01","date_gmt":"2023-11-17T19:26:01","guid":{"rendered":"https:\/\/campogrande.nucleo.site\/semadur\/?page_id=313"},"modified":"2023-11-17T16:26:34","modified_gmt":"2023-11-17T19:26:34","slug":"relatorios-anuais","status":"publish","type":"page","link":"https:\/\/campogrande.nucleo.site\/semadur\/corrego-limpo-cidade-viva\/relatorios-anuais\/","title":{"rendered":"Relat\u00f3rios Anuais"},"content":{"rendered":"\n<p>Uma das formas de se ter uma vis\u00e3o integrada da qualidade das \u00e1guas em bacias hidrogr\u00e1ficas \u00e9 a partir de uma rede de monitoramento. Ou seja, um conjunto de esta\u00e7\u00f5es de amostragem, estrategicamente localizadas na \u00e1rea de uma bacia hidrogr\u00e1fica, com intuito de representarem as condi\u00e7\u00f5es existentes e as tend\u00eancias de evolu\u00e7\u00e3o de qualidade das \u00e1guas.<\/p>\n\n\n\n<p>Acompanhando a qualidade dos c\u00f3rregos urbanos surge a condi\u00e7\u00e3o de gerenciamento dos recursos h\u00eddricos, detectando-se quais fatores est\u00e3o contribuindo para a diminui\u00e7\u00e3o da qualidade e subsidiando a\u00e7\u00f5es para a despolui\u00e7\u00e3o dos c\u00f3rregos. Al\u00e9m disso, propicia que a popula\u00e7\u00e3o tome conhecimento das condi\u00e7\u00f5es da \u00e1gua superficial da sua cidade.<\/p>\n\n\n\n<p>Assim surge o Programa \u201cC\u00f3rrego Limpo, Cidade Viva\u201d, idealizado pela Secretaria Municipal de Meio Ambiente e Desenvolvimento Urbano \u2013 SEMADUR, com o objetivo de gerir a qualidade dos c\u00f3rregos urbanos do Munic\u00edpio de Campo Grande.<\/p>\n\n\n\n<p>Com a inten\u00e7\u00e3o de resumir e aglutinar as informa\u00e7\u00f5es de qualidade de \u00e1gua de forma pr\u00e1tica, eficiente e \u00fatil, foram desenvolvidos diversos \u00cdndices de Qualidade de \u00c1gua (IQA). Estes agregam alguns par\u00e2metros espec\u00edficos e classificam a qualidade da \u00e1gua, proporcionando f\u00e1cil interpreta\u00e7\u00e3o.<\/p>\n\n\n\n<p>Um \u00edndice que vem sendo utilizado com certo \u00eaxito por muitas institui\u00e7\u00f5es foi desenvolvido em 1970 pela \u201cNational Sanitation Foundation\u201d dos Estados Unidos, e adaptado pela CETESB (Companhia de Tecnologia de Saneamento Ambiental), conhecido como IQACETESB. Este \u00edndice incorpora nove par\u00e2metros considerados relevantes para a avalia\u00e7\u00e3o da qualidade das \u00e1guas, tendo como determinante principal a utiliza\u00e7\u00e3o das mesmas para abastecimento p\u00fablico. S\u00e3o eles: Oxig\u00eanio Dissolvido (OD), Demanda Bioqu\u00edmica de Oxig\u00eanio (DBO5,20), Coliformes Termotolerantes, pH (potencial hidrogeni\u00f4nico), Nitrog\u00eanio Total, F\u00f3sforo Total, Temperatura, Turbidez e S\u00f3lidos Totais.<\/p>\n\n\n\n<h4 class=\"wp-block-heading\">Relat\u00f3rios de Qualidade<\/h4>\n\n\n\n<p>A descri\u00e7\u00e3o metodol\u00f3gica do programa e todos os resultados obtidos\u00a0nestes anos de implanta\u00e7\u00e3o da rede monitoramento, com todo o detalhamento t\u00e9cnico, est\u00e3o compilados nos arquivos abaixo:<\/p>\n\n\n\n<div class=\"wp-block-columns is-layout-flex wp-container-core-columns-is-layout-28f84493 wp-block-columns-is-layout-flex\">\n<div class=\"wp-block-column is-layout-flow wp-block-column-is-layout-flow\">\n<ul class=\"wp-block-list\">\n<li><a href=\"https:\/\/prefcg-repositorio.campogrande.ms.gov.br\/wp-cdn\/uploads\/sites\/24\/2012\/10\/C%C3%B3rrego-Limpo-Cidade-Viva-2009.pdf\" data-type=\"link\" data-id=\"https:\/\/prefcg-repositorio.campogrande.ms.gov.br\/wp-cdn\/uploads\/sites\/24\/2012\/10\/C%C3%B3rrego-Limpo-Cidade-Viva-2009.pdf\">2009<\/a><\/li>\n\n\n\n<li><a href=\"https:\/\/prefcg-repositorio.campogrande.ms.gov.br\/wp-cdn\/uploads\/sites\/24\/2015\/03\/C%C3%B3rrego-Limpo-Cidade-Viva-2012.pdf\" data-type=\"link\" data-id=\"https:\/\/prefcg-repositorio.campogrande.ms.gov.br\/wp-cdn\/uploads\/sites\/24\/2015\/03\/C%C3%B3rrego-Limpo-Cidade-Viva-2012.pdf\">2012<\/a><\/li>\n\n\n\n<li><a href=\"https:\/\/prefcg-repositorio.campogrande.ms.gov.br\/wp-cdn\/uploads\/sites\/24\/2016\/05\/C%C3%B3rrego-Limpo-Cidade-Viva-2015.pdf\" data-type=\"link\" data-id=\"https:\/\/prefcg-repositorio.campogrande.ms.gov.br\/wp-cdn\/uploads\/sites\/24\/2016\/05\/C%C3%B3rrego-Limpo-Cidade-Viva-2015.pdf\">2015<\/a><\/li>\n\n\n\n<li><a href=\"https:\/\/prefcg-repositorio.campogrande.ms.gov.br\/wp-cdn\/uploads\/sites\/24\/2019\/07\/RELAT%C3%93RIO-ANUAL_MONITORAMENTO_PROGRAMA-C%C3%93RREGO-LIMPO-2018_.pdf\" data-type=\"link\" data-id=\"https:\/\/prefcg-repositorio.campogrande.ms.gov.br\/wp-cdn\/uploads\/sites\/24\/2019\/07\/RELAT%C3%93RIO-ANUAL_MONITORAMENTO_PROGRAMA-C%C3%93RREGO-LIMPO-2018_.pdf\">2018<\/a><\/li>\n\n\n\n<li><a href=\"https:\/\/prefcg-repositorio.campogrande.ms.gov.br\/wp-cdn\/uploads\/sites\/24\/2022\/11\/relatrioanual_monitoramento_programacrregolimpo2021_rev-prefcg-1667478322.pdf\" data-type=\"link\" data-id=\"https:\/\/prefcg-repositorio.campogrande.ms.gov.br\/wp-cdn\/uploads\/sites\/24\/2022\/11\/relatrioanual_monitoramento_programacrregolimpo2021_rev-prefcg-1667478322.pdf\">2021<\/a><\/li>\n<\/ul>\n<\/div>\n\n\n\n<div class=\"wp-block-column is-layout-flow wp-block-column-is-layout-flow\">\n<ul class=\"wp-block-list\">\n<li><a href=\"https:\/\/prefcg-repositorio.campogrande.ms.gov.br\/wp-cdn\/uploads\/sites\/24\/2012\/10\/C%C3%B3rrego-Limpo-Cidade-Viva-2010.pdf\" data-type=\"link\" data-id=\"https:\/\/prefcg-repositorio.campogrande.ms.gov.br\/wp-cdn\/uploads\/sites\/24\/2012\/10\/C%C3%B3rrego-Limpo-Cidade-Viva-2010.pdf\">2010<\/a><\/li>\n\n\n\n<li><a href=\"https:\/\/prefcg-repositorio.campogrande.ms.gov.br\/wp-cdn\/uploads\/sites\/24\/2017\/03\/C%C3%B3rrego-Limpo-Cidade-Viva-2013.pdf\" data-type=\"link\" data-id=\"https:\/\/prefcg-repositorio.campogrande.ms.gov.br\/wp-cdn\/uploads\/sites\/24\/2017\/03\/C%C3%B3rrego-Limpo-Cidade-Viva-2013.pdf\">2013<\/a><\/li>\n\n\n\n<li><a href=\"https:\/\/prefcg-repositorio.campogrande.ms.gov.br\/wp-cdn\/uploads\/sites\/24\/2017\/06\/C%C3%B3rrego-Limpo-Cidade-Viva-2016-versao-atualizada.pdf\" data-type=\"link\" data-id=\"https:\/\/prefcg-repositorio.campogrande.ms.gov.br\/wp-cdn\/uploads\/sites\/24\/2017\/06\/C%C3%B3rrego-Limpo-Cidade-Viva-2016-versao-atualizada.pdf\">2016<\/a><\/li>\n\n\n\n<li><a href=\"https:\/\/prefcg-repositorio.campogrande.ms.gov.br\/wp-cdn\/uploads\/sites\/24\/2020\/09\/RELAT%C3%93RIO-ANUAL_MONITORAMENTO_PROGRAMA-C%C3%93RREGO-LIMPO-2019_PRONTO.pdf\" data-type=\"link\" data-id=\"https:\/\/prefcg-repositorio.campogrande.ms.gov.br\/wp-cdn\/uploads\/sites\/24\/2020\/09\/RELAT%C3%93RIO-ANUAL_MONITORAMENTO_PROGRAMA-C%C3%93RREGO-LIMPO-2019_PRONTO.pdf\">2019<\/a><\/li>\n<\/ul>\n<\/div>\n\n\n\n<div class=\"wp-block-column is-layout-flow wp-block-column-is-layout-flow\">\n<ul class=\"wp-block-list\">\n<li><a href=\"https:\/\/prefcg-repositorio.campogrande.ms.gov.br\/wp-cdn\/uploads\/sites\/24\/2012\/10\/C%C3%B3rrego-Limpo-Cidade-Viva-2011.pdf\" data-type=\"link\" data-id=\"https:\/\/prefcg-repositorio.campogrande.ms.gov.br\/wp-cdn\/uploads\/sites\/24\/2012\/10\/C%C3%B3rrego-Limpo-Cidade-Viva-2011.pdf\">2011<\/a><\/li>\n\n\n\n<li><a href=\"https:\/\/prefcg-repositorio.campogrande.ms.gov.br\/wp-cdn\/uploads\/sites\/24\/2016\/02\/C%C3%B3rrego-Limpo-Cidade-Viva-2014.pdf\" data-type=\"link\" data-id=\"https:\/\/prefcg-repositorio.campogrande.ms.gov.br\/wp-cdn\/uploads\/sites\/24\/2016\/02\/C%C3%B3rrego-Limpo-Cidade-Viva-2014.pdf\">2014<\/a><\/li>\n\n\n\n<li><a href=\"https:\/\/prefcg-repositorio.campogrande.ms.gov.br\/wp-cdn\/uploads\/sites\/24\/2018\/07\/Relatorio_IQA_2017_V1_12_09_2018.pdf\" data-type=\"link\" data-id=\"https:\/\/prefcg-repositorio.campogrande.ms.gov.br\/wp-cdn\/uploads\/sites\/24\/2018\/07\/Relatorio_IQA_2017_V1_12_09_2018.pdf\">2017<\/a><\/li>\n\n\n\n<li><a href=\"https:\/\/prefcg-repositorio.campogrande.ms.gov.br\/wp-cdn\/uploads\/sites\/24\/2021\/06\/relatorio-anual-monitoramento-programa-corrego-limpo-2020-1630344560.pdf\" data-type=\"link\" data-id=\"https:\/\/prefcg-repositorio.campogrande.ms.gov.br\/wp-cdn\/uploads\/sites\/24\/2021\/06\/relatorio-anual-monitoramento-programa-corrego-limpo-2020-1630344560.pdf\">2020<\/a><\/li>\n<\/ul>\n<\/div>\n<\/div>\n","protected":false},"excerpt":{"rendered":"<p>Uma das formas de se ter uma vis\u00e3o integrada da qualidade das \u00e1guas em bacias hidrogr\u00e1ficas \u00e9 a partir de uma rede de monitoramento. Ou seja, um conjunto de esta\u00e7\u00f5es de amostragem, estrategicamente localizadas na \u00e1rea de uma bacia hidrogr\u00e1fica, com intuito de representarem as condi\u00e7\u00f5es existentes e as tend\u00eancias de evolu\u00e7\u00e3o de qualidade das [&hellip;]<\/p>\n","protected":false},"author":1,"featured_media":0,"parent":273,"menu_order":2,"comment_status":"closed","ping_status":"closed","template":"","meta":{"_acf_changed":false,"custom_icon_class":"","footnotes":""},"class_list":["post-313","page","type-page","status-publish","hentry"],"acf":[],"_links":{"self":[{"href":"https:\/\/campogrande.nucleo.site\/semadur\/wp-json\/wp\/v2\/pages\/313","targetHints":{"allow":["GET"]}}],"collection":[{"href":"https:\/\/campogrande.nucleo.site\/semadur\/wp-json\/wp\/v2\/pages"}],"about":[{"href":"https:\/\/campogrande.nucleo.site\/semadur\/wp-json\/wp\/v2\/types\/page"}],"author":[{"embeddable":true,"href":"https:\/\/campogrande.nucleo.site\/semadur\/wp-json\/wp\/v2\/users\/1"}],"replies":[{"embeddable":true,"href":"https:\/\/campogrande.nucleo.site\/semadur\/wp-json\/wp\/v2\/comments?post=313"}],"version-history":[{"count":1,"href":"https:\/\/campogrande.nucleo.site\/semadur\/wp-json\/wp\/v2\/pages\/313\/revisions"}],"predecessor-version":[{"id":314,"href":"https:\/\/campogrande.nucleo.site\/semadur\/wp-json\/wp\/v2\/pages\/313\/revisions\/314"}],"up":[{"embeddable":true,"href":"https:\/\/campogrande.nucleo.site\/semadur\/wp-json\/wp\/v2\/pages\/273"}],"wp:attachment":[{"href":"https:\/\/campogrande.nucleo.site\/semadur\/wp-json\/wp\/v2\/media?parent=313"}],"curies":[{"name":"wp","href":"https:\/\/api.w.org\/{rel}","templated":true}]}}