{"id":324,"date":"2023-11-17T17:21:58","date_gmt":"2023-11-17T20:21:58","guid":{"rendered":"https:\/\/campogrande.nucleo.site\/semadur\/?page_id=324"},"modified":"2023-11-17T17:21:58","modified_gmt":"2023-11-17T20:21:58","slug":"parques-municipais-lineares","status":"publish","type":"page","link":"https:\/\/campogrande.nucleo.site\/semadur\/parques-municipais-lineares\/","title":{"rendered":"Parques Municipais Lineares"},"content":{"rendered":"\n<p>S\u00e3o \u00e1reas de propriedade p\u00fablica ou privada, ao longo dos corpos d\u2019\u00e1gua, em toda a sua extens\u00e3o ou n\u00e3o, que visam garantir a qualidade ambiental dos fundos de vale, podendo conter outras Unidades de Conserva\u00e7\u00e3o dentro de sua \u00e1rea de abrang\u00eancia.<\/p>\n\n\n\n<p>Navegue abaixo e informe-se sobre os Parques Lineares existentes:<\/p>\n\n\n\n<h5 class=\"wp-block-heading\">Parque Linear do S\u00f3ter<\/h5>\n\n\n\n<p>O\u00a0<strong>Parque Linear do S\u00f3ter<\/strong>, criados pela\u00a0<a href=\"https:\/\/prefcg-repositorio.campogrande.ms.gov.br\/wp-cdn\/uploads\/sites\/24\/2018\/05\/Lei-Municipal-4091-2003-Cria-Pq-Soter-Pq-Linear-Soter.pdf\" target=\"_blank\" rel=\"noreferrer noopener\">Lei n\u00b0. 4.091\/2003<\/a>, com \u00e1rea de 15ha 8.108m2, \u00e9 delimitado pela Av. Mato Grosso, Av. Nelly Martins, Rua Salsa Parrilha, e Rua Rio Negro, implantado, administrado e consolidado com base nas seguintes finalidades:<\/p>\n\n\n\n<ol class=\"wp-block-list\" style=\"padding-bottom:15px\">\n<li>I \u2013 acomodar satisfatoriamente o leito do curso d\u2019\u00e1gua;<\/li>\n\n\n\n<li>II \u2013 permitir o escoamento e a infiltra\u00e7\u00e3o das \u00e1guas pluviais; e,<\/li>\n\n\n\n<li>III \u2013 manter viva a vegeta\u00e7\u00e3o ciliar possibilitando a ciclagem de nutrientes, a manuten\u00e7\u00e3o de abrigos e alimento para a fauna e a conseq\u00fcente estabiliza\u00e7\u00e3o das margens do curso d\u2018\u00e1gua.<\/li>\n<\/ol>\n\n\n\n<h5 class=\"wp-block-heading\">Parque Linear do Lagoa<\/h5>\n\n\n\n<p>O Parque Linear do Lagoa est\u00e1 inserido no Projeto de Urbaniza\u00e7\u00e3o do Fundo Vale do C\u00f3rrego Lagoa. O governo estadual \u00e9 respons\u00e1vel pela constru\u00e7\u00e3o de 4,5 quil\u00f4metros da via, entre a Duque de Caxias e a Rua Ant\u00f4nio Bandeira, na regi\u00e3o do Jardim Leblon. J\u00e1 o munic\u00edpio executa a outra parte da avenida, de aproximadamente 5 quil\u00f4metros, entre a Rua Ant\u00f4nio Bandeira e o macroanel rodovi\u00e1rio, sa\u00edda para Sidrol\u00e2ndia, regi\u00e3o da Coophavilla II.<\/p>\n\n\n\n<p>Toda a Regi\u00e3o Urbana do Lagoa ser\u00e1 beneficiada diretamente com o conjunto de obras. Na margem esquerda do c\u00f3rrego ser\u00e3o urbanizados os acessos aos residenciais Barra da Tijuca I, Barra de Tijuca II e Lagoa Park. Nas proximidades do macroanel rodovi\u00e1rio, est\u00e1 previsto a interven\u00e7\u00e3o nos trechos das ruas Ant\u00f4nio Bandeira e L\u00facia Martins Coelho, tamb\u00e9m na margem esquerda do C\u00f3rrego.<\/p>\n\n\n\n<p>No complexo Lagoa est\u00e1 sendo implantado pontes e a urbaniza\u00e7\u00e3o do fundo de vale do Lagoa \u2013 que consistem na implanta\u00e7\u00e3o de redes de drenagem \u2013 na marginal direita do c\u00f3rrego, passando pelos seguintes trechos: entre a rua Antonio Bandeira e a avenida Conde de Boa Vista; no acesso ao Bairro Santa Em\u00edlia; no acesso ao Portal Caiob\u00e1.<\/p>\n\n\n\n<p>Com as interven\u00e7\u00f5es, a regi\u00e3o urbana do C\u00f3rrego Lagoa vai ganhar mais um parque linear com vias pavimentadas e iluminadas, ciclovias e preserva\u00e7\u00e3o do meio ambiente. A extin\u00e7\u00e3o de favelas e o saneamento integrado s\u00e3o destaques da iniciativa.<\/p>\n\n\n\n<p>O Parque Linear do Lagoa come\u00e7a na Avenida Duque de Caxias, nas proximidades da Base A\u00e9rea e chega at\u00e9 a rua Ant\u00f4nio Bandeira, no bairro Buriti, com 4,6 quil\u00f4metros de extens\u00e3o. No trajeto est\u00e3o sendo implantadas duas vias pavimentadas com mais de 12 metros de largura cada, al\u00e9m de ciclovia para a seguran\u00e7a dos ciclistas. Ao longo de toda a margem, foi tomado o cuidado de preserva\u00e7\u00e3o das \u00e1rvores nativas. Pelo projeto executivo, est\u00e1 sendo constru\u00eddo, ao longo do trajeto, tr\u00eas travessias (pontes) sobre o c\u00f3rrego Lagoa, cada uma com cerca de cinco metros de largura e 40 metros de comprimento.<\/p>\n\n\n\n<p><strong>Habita\u00e7\u00e3o<\/strong><\/p>\n\n\n\n<p>Al\u00e9m do complexo vi\u00e1rio, o Projeto Lagoa contempla interven\u00e7\u00f5es de melhoria habitacional, com desfaveliza\u00e7\u00e3o e regulariza\u00e7\u00e3o fundi\u00e1ria. Foi constru\u00eddo o residencial Aquarius, no bairro Santa Em\u00edlia, com 102 unidades habitacionais, para reassentar fam\u00edlias que estavam morando em situa\u00e7\u00e3o de risco. No Portal Caiob\u00e1 II, foram mais cem fam\u00edlias beneficiadas. Mais de 400 fam\u00edlias foram assistidas com regulariza\u00e7\u00e3o fundi\u00e1ria e o total de unidades habitacionais constru\u00eddas superou 350.<\/p>\n\n\n\n<p style=\"padding-bottom:15px\">Todas as a\u00e7\u00f5es do Projeto visam garantir e promover melhores condi\u00e7\u00f5es de sa\u00fade e qualidade de vida proporcionando mais dignidade \u00e0s pessoas que habitam na \u00e1rea de abrang\u00eancia do Fundo do Vale do C\u00f3rrego Lagoa. A \u00e1rea de interven\u00e7\u00e3o desse projeto envolve diretamente mais de 1.040 fam\u00edlias.<\/p>\n\n\n\n<h5 class=\"wp-block-heading\">Parque Linear do Segredo<\/h5>\n\n\n\n<p>A regi\u00e3o do c\u00f3rrego Segredo, localizada ao norte de Campo Grande, foi contemplada com a urbaniza\u00e7\u00e3o e recupera\u00e7\u00e3o de fundo de vale, com 6,5 quil\u00f4metros de vias asfaltadas, drenagem de \u00e1guas pluviais e a constru\u00e7\u00e3o de um parque linear. As obras do Complexo Segredo contemplaram a interven\u00e7\u00e3o no c\u00f3rrego e \u00e1reas adjacentes, com a realiza\u00e7\u00e3o de drenagem e pavimenta\u00e7\u00e3o asf\u00e1ltica, constru\u00e7\u00e3o de ciclovias, pistas de caminhada e o Parque Linear do Segrego, al\u00e9m da recupera\u00e7\u00e3o das \u00e1reas degradadas.<\/p>\n\n\n\n<p>O prolongamento da Avenida Norte-Sul a partir da Avenida Mascarenhas de Moraes possui uma extens\u00e3o de aproximadamente 4.500 metros, beneficiando 21 comunidades e contribuindo par melhorar a qualidade de vida dos campo-grandenses. O projeto contemplou a liga\u00e7\u00e3o da Avenida Mascarenhas de Moraes at\u00e9 o residencial Estrela do Sul e tamb\u00e9m a pavimenta\u00e7\u00e3o asf\u00e1ltica dos bairros pr\u00f3ximos ao C\u00f3rrego Segredo (Jardim Semin\u00e1rio, S\u00e3o Benedito, Ot\u00e1vio P\u00e9cora, Estrela do Sul e Coronel Antonino).<\/p>\n\n\n\n<p>No c\u00f3rrego Segredo foram constru\u00eddas quatro pontes e tr\u00eas barragens para conter as enchentes e diminuir a velocidade das \u00e1guas pluviais que chegam ao rio Anhandui. Toda a regi\u00e3o foi contemplada com um parque linear de aproximadamente 35 hectares, viveiro de mudas, centro de reciclagem e quadra esportivas.<\/p>\n\n\n\n<p>O Parque Linear do Segredo se estende ao longo de 4,5 km \u00e0s margens do c\u00f3rrego Segredo com 38,1 hectares preservados.<\/p>\n\n\n\n<ul class=\"wp-block-list\">\n<li>Recomposi\u00e7\u00e3o da mata ciliar e prote\u00e7\u00e3o vegetal do parque: plantio de 4.500 mudas de \u00e1rvores e de 137.580 m\u00b2 de gram\u00edneas<\/li>\n\n\n\n<li>Implanta\u00e7\u00e3o de ciclovia pavimentada (extens\u00e3o de 4.500 metros);<\/li>\n\n\n\n<li>Constru\u00e7\u00e3o de ciclovias, pistas de caminhada e parques lineares, al\u00e9m da recupera\u00e7\u00e3o de regi\u00f5es degradadas.<\/li>\n<\/ul>\n\n\n\n<p style=\"padding-bottom:15px\">Em 4 de janeiro de 2010, o Parque Linear do Segredo passou a ser denominado \u201cPresidente J\u00e2nio Quadros\u201d \u2013\u00a0<a href=\"https:\/\/prefcg-repositorio.campogrande.ms.gov.br\/wp-cdn\/uploads\/sites\/24\/2018\/05\/Lei-Municipal-4802-2009-Denomina-Presidente-Janio-Quadros-o-Pq-Linear-Segredo.pdf\" target=\"_blank\" rel=\"noreferrer noopener\">Lei n. 4.802\/2009<\/a>.<\/p>\n\n\n\n<h5 class=\"wp-block-heading\">Parque Linear das Caba\u00e7as<\/h5>\n\n\n\n<p>O\u00a0<strong>Parque Linear do Caba\u00e7a<\/strong>\u00a0concebido entre \u00e0s ruas Spipe Calarge e Limeira (fundos do Supermercado Atacad\u00e3o, na Avenida Costa e Silva) tendo como extens\u00e3o aproximadamente 1500 metros, abrangendo \u00e1rea estimada em 12,4 hectares.<\/p>\n\n\n\n<p>As obras do complexo Caba\u00e7a contemplou interven\u00e7\u00e3o no c\u00f3rrego das Caba\u00e7as e \u00e1reas adjacentes, com a realiza\u00e7\u00e3o de drenagem e pavimenta\u00e7\u00e3o asf\u00e1ltica, constru\u00e7\u00e3o de ciclovias, pistas de caminhada e o parque linear, al\u00e9m da recupera\u00e7\u00e3o de \u00e1reas degradadas.<\/p>\n\n\n\n<p>O Complexo Caba\u00e7a, inclui a continua\u00e7\u00e3o da Via Morena e o Parque Linear, com cerca de tr\u00eas quil\u00f4metros e, em todo o percurso, est\u00e1 sendo implantado sistema de drenagem de \u00e1guas pluviais.<\/p>\n\n\n\n<p style=\"padding-bottom:15px\">A implanta\u00e7\u00e3o do parque vai garantir ainda a preserva\u00e7\u00e3o ambiental das \u00e1reas verdes e a recupera\u00e7\u00e3o do c\u00f3rrego das Caba\u00e7as.<\/p>\n\n\n\n<h5 class=\"wp-block-heading\">Parque Linear do Imbirussu<\/h5>\n\n\n\n<p>O&nbsp;<strong>Parque Linear do Imbirussu<\/strong>, localizado entre a Avenida Dom Ant\u00f4nio Barbosa \u2013 bairro Jos\u00e9 Abr\u00e3o, Av. Duque de Caxias \u2013 no bairro Popular e contornado pela Avenida Jos\u00e9 Barbosa Rodrigues. Implantado, est\u00e1 sendo administrado e consolidado com base nas seguintes finalidades:<\/p>\n\n\n\n<ol class=\"wp-block-list\">\n<li>acomodar satisfatoriamente o leito do curso d\u00b4\u00e1gua;<\/li>\n\n\n\n<li>permitir o escoamento e a infiltra\u00e7\u00e3o das \u00e1guas pluviais; e,<\/li>\n\n\n\n<li>manter viva a vegeta\u00e7\u00e3o ciliar, possibilitando a ciclagem de nutrientes, a manuten\u00e7\u00e3o de abrigos e alimento para a fauna e a consequente estabiliza\u00e7\u00e3o das margens do curso d\u2018\u00e1gua.<\/li>\n<\/ol>\n\n\n\n<p>A cria\u00e7\u00e3o do Parque Linear do Imbirussu marca uma s\u00e9rie de interven\u00e7\u00f5es sociais, urban\u00edsticas e ambientais em uma das \u00e1reas mais populosas de Campo Grande, que exigiram investimentos de mais de R$ 120 milh\u00f5es. Foram quase sete anos de trabalhos, desde a constru\u00e7\u00e3o de casas para retirada de fam\u00edlias de \u00e1reas insalubres, instala\u00e7\u00e3o de equipamentos p\u00fablicos como escolas e unidades de sa\u00fade, obras de infraestrutura como asfalto e saneamento b\u00e1sico e recupera\u00e7\u00e3o de \u00e1reas degradadas.<\/p>\n\n\n\n<p>O Projeto compreendeu um conjunto de obras e a\u00e7\u00f5es destinadas \u00e0 recupera\u00e7\u00e3o e revitaliza\u00e7\u00e3o da infraestrutura urbana e ambiental, por meio da constru\u00e7\u00e3o de unidades habitacionais, de equipamentos comunit\u00e1rios, da implanta\u00e7\u00e3o de parque linear, da melhoria do sistema vi\u00e1rio, da recupera\u00e7\u00e3o do ecossistema e da implanta\u00e7\u00e3o de \u00e1reas de lazer para a popula\u00e7\u00e3o. O projeto foi concebido como um programa de a\u00e7\u00f5es integradas visando enfrentar os principais obst\u00e1culos ao pleno desenvolvimento das fun\u00e7\u00f5es urbanas no Munic\u00edpio, que afetam a um s\u00f3 tempo a economia local e a qualidade de vida dos moradores.<\/p>\n\n\n\n<p>As obras executadas envolveram a reestrutura\u00e7\u00e3o do sistema vi\u00e1rio, com a implanta\u00e7\u00e3o de vias urbanas pavimentadas, pontes, cal\u00e7adas e ciclovia e a implementa\u00e7\u00e3o de redes de distribui\u00e7\u00e3o de \u00e1gua, rede coletora de esgotos sanit\u00e1rios, drenagem, energia el\u00e9trica e ilumina\u00e7\u00e3o p\u00fablica, proporcionando integra\u00e7\u00e3o urban\u00edstica e mobilidade urbana para as \u00e1reas adjacentes, interligando as avenidas Duque de Caxias e Dom Ant\u00f4nio Barbosa, com a execu\u00e7\u00e3o de pistas pavimentadas nas duas margens do c\u00f3rrego Imbirussu. Tamb\u00e9m foram constru\u00eddos equipamentos sociais de educa\u00e7\u00e3o, sa\u00fade e assist\u00eancia social para atender a popula\u00e7\u00e3o da regi\u00e3o.<\/p>\n\n\n\n<p><strong>Infraestrutura urbana implantada<\/strong><\/p>\n\n\n\n<ul class=\"wp-block-list\">\n<li>20 km de rede de drenagem,<\/li>\n\n\n\n<li>14,4 km de pavimenta\u00e7\u00e3o asf\u00e1ltica,<\/li>\n\n\n\n<li>8 pontes de concreto armado,<\/li>\n\n\n\n<li>7,8 km de ciclovia,<\/li>\n\n\n\n<li>Horto Florestal Municipal com \u00e1rea de 22 hectares,<\/li>\n\n\n\n<li>7,8 km de Parque Linear,<\/li>\n\n\n\n<li>Sistema de esgotamento sanit\u00e1rio,<\/li>\n\n\n\n<li>14,4 km de rede de ilumina\u00e7\u00e3o p\u00fablica.<\/li>\n<\/ul>\n\n\n\n<p><strong>Unidades habitacionais<\/strong><\/p>\n\n\n\n<p>Constru\u00e7\u00e3o de 850 casas com \u00e1rea de 32,00 m\u00b2 visando promover o reassentamento das fam\u00edlias que habitavam \u00e1reas de risco ao longo do Projeto.<\/p>\n\n\n\n<p><strong>Escola municipal<\/strong><\/p>\n\n\n\n<p>Constru\u00e7\u00e3o da Escola Municipal Carlos Vilhalva Cristaldo, no Jardim Aeroporto, com 18 salas de aula destinadas ao ensino infantil e fundamental, resultando na amplia\u00e7\u00e3o de 130% no n\u00famero de matr\u00edculas realizadas, passando de 613 alunos em 2008 para 1.409 em 2010.<\/p>\n\n\n\n<p><strong>Unidade B\u00e1sica de Sa\u00fade da Fam\u00edlia<\/strong><\/p>\n\n\n\n<p>A Unidade B\u00e1sica da Sa\u00fade da Fam\u00edlia \u2013 UBSF Dr. Herbeto Calado Rebelo foi inaugurada em dezembro de 2008, oferecendo uma melhor estrutura de atendimento para os moradores da regi\u00e3o e bairros vizinhos. Com a constru\u00e7\u00e3o houve amplia\u00e7\u00e3o de 450% no n\u00famero de pessoas atendidas, passando de 2.000 pessoas em 2008 para 11.000 em 2010.<\/p>\n\n\n\n<p><strong>Centro de Educa\u00e7\u00e3o Infantil<\/strong><\/p>\n\n\n\n<p>O Centro de Educa\u00e7\u00e3o Infantil Felipe Safadi Alves Nogueira foi entregue em 2007, oferecendo apoio complementar \u00e0 educa\u00e7\u00e3o infantil, com atividades de creche e pr\u00e9-escola, havendo um incremento de 137% de crian\u00e7as atendidas.<\/p>\n\n\n\n<p>Centro Comunit\u00e1rio \u2013 Destinado \u00e0 conviv\u00eancia e capacita\u00e7\u00e3o profissional dos moradores da regi\u00e3o, foi inaugurado em setembro de 2005 e localiza-se \u00e0 rua Heitor Vieira de Almeida no bairro Jardim Aeroporto.<\/p>\n\n\n\n<p><strong>Pavimenta\u00e7\u00e3o da linha de \u00f4nibus do Jardim Aeroporto<\/strong><\/p>\n\n\n\n<p>Obras de drenagem, terraplenagem e pavimenta\u00e7\u00e3o de linha de \u00f4nibus, no Jardim Aeroporto, com extens\u00e3o de 2,2 km, visando \u00e0 melhoria do transporte coletivo na regi\u00e3o, facilitando o acesso com a via principal.<\/p>\n\n\n\n<p><strong>Recupera\u00e7\u00e3o de \u00e1reas degradadas<\/strong><\/p>\n\n\n\n<p>O Projeto contemplou a\u00e7\u00f5es destinadas \u00e0 recupera\u00e7\u00e3o do ecossistema e manuten\u00e7\u00e3o do equil\u00edbrio ecol\u00f3gico da microbacia do c\u00f3rrego Imbirussu, com a implanta\u00e7\u00e3o de um parque linear e elimina\u00e7\u00e3o de lan\u00e7amentos de esgoto sanit\u00e1rio nos c\u00f3rregos Imbirussu e Serradinho, al\u00e9m da revitaliza\u00e7\u00e3o e amplia\u00e7\u00e3o do Horto Municipal.<\/p>\n\n\n\n<p><strong>Revitaliza\u00e7\u00e3o e amplia\u00e7\u00e3o do Horto Municipal<\/strong><\/p>\n\n\n\n<p>O Horto Municipal foi revitalizado e ampliado, passando a ocupar uma \u00e1rea de aproximadamente 22 hectares, proporcionando uma integra\u00e7\u00e3o com o Parque Linear.<\/p>\n\n\n\n<p><strong>A\u00e7\u00f5es desenvolvidas<\/strong><\/p>\n\n\n\n<p>Tratamento paisag\u00edstico, reforma do pr\u00e9dio existente para administra\u00e7\u00e3o do Horto, implanta\u00e7\u00e3o de trilhas internas e constru\u00e7\u00e3o de viveiro para produ\u00e7\u00e3o de mudas.<\/p>\n\n\n\n<p><strong>Implanta\u00e7\u00e3o do Parque Linear<\/strong><\/p>\n\n\n\n<p>Recupera\u00e7\u00e3o, em aproximadamente 45 ha, ao longo dos cursos d\u2019\u00e1gua e fundos de vale, de maneira a atender as fun\u00e7\u00f5es de preservar a faixa de drenagem dos c\u00f3rregos e evitar novas ocupa\u00e7\u00f5es nas \u00e1reas, al\u00e9m de oferecer \u00e0 popula\u00e7\u00e3o local uma alternativa de lazer.<\/p>\n\n\n\n<p><strong>A\u00e7\u00f5es sociais<\/strong><\/p>\n\n\n\n<p>A partir de novembro de 2008, a Prefeitura de Campo Grande passou a desenvolver um trabalho t\u00e9cnico social na regi\u00e3o do Imbirussu, atrav\u00e9s do Projeto de Saneamento Integrado Vila Popular, com ampla participa\u00e7\u00e3o da comunidade, atrav\u00e9s de plant\u00f5es sociais em Unidades B\u00e1sicas de Sa\u00fade da Fam\u00edlia, visitas domiciliares e articula\u00e7\u00f5es com lideran\u00e7as locais.<\/p>\n\n\n\n<p>Os temas abordados nas campanhas educativas trataram sobre os temas: Educa\u00e7\u00e3o Ambiental, Coleta Seletiva de Res\u00edduos S\u00f3lidos e Educa\u00e7\u00e3o para o Tr\u00e2nsito \u2013 EPT, sensibilizando a comunidade sobre a import\u00e2ncia da rela\u00e7\u00e3o do saneamento com a sa\u00fade e qualidade de vida. Tais iniciativas promoveram novos comportamentos da popula\u00e7\u00e3o em rela\u00e7\u00e3o ao meio ambiente, contribuindo com a melhoria da qualidade de vida da comunidade.<\/p>\n\n\n\n<p><strong>Centro de Educa\u00e7\u00e3o Ambiental \u2013 CEA Imbirussu<\/strong><\/p>\n\n\n\n<p>O CEA Imbirussu, criado a partir da revitaliza\u00e7\u00e3o e adapta\u00e7\u00f5es do pr\u00e9dio onde funcionou a Escola Municipal Carlos Cristaldo, adjacente \u00e0 \u00e1rea do Horto Florestal, \u00e1rea rica em vegeta\u00e7\u00e3o, que abriga tamb\u00e9m um dos viveiros de produ\u00e7\u00e3o de mudas para a arboriza\u00e7\u00e3o urbana de Campo Grande. A inser\u00e7\u00e3o do CEA Imbirussu em \u00e1rea com grande diversidade de esp\u00e9cies se constitui em importante acervo para estudos e visita\u00e7\u00e3o.<\/p>\n\n\n\n<p>Inserido no Parque Linear do Imbirussu, entre a rua Itapiranga e Av. Duque de Caxias, no bairro Popular o acesso \u00e9 feito pela Avenida Jos\u00e9 Barbosa Rodrigues, contemplando uma \u00e1rea de vegeta\u00e7\u00e3o de 220.000 m2, denominada de Horto Florestal e um espa\u00e7o edificado de m2. Contar\u00e1 com:<\/p>\n\n\n\n<ul class=\"wp-block-list\">\n<li>administra\u00e7\u00e3o (salas, copa, sanit\u00e1rios);<\/li>\n\n\n\n<li>laborat\u00f3rio (Biologia e \u00e1guas);<\/li>\n\n\n\n<li>espa\u00e7o de oficinas;<\/li>\n\n\n\n<li>\u00e1rea de conviv\u00eancia;<\/li>\n\n\n\n<li>orquid\u00e1rio;<\/li>\n\n\n\n<li>audit\u00f3rio (100 lugares);<\/li>\n\n\n\n<li>trilhas para visitas monitoradas;<\/li>\n\n\n\n<li>biblioteca (sala verde);<\/li>\n\n\n\n<li>sala de arte (dan\u00e7a, teatro e pr\u00e1ticas esportivas);<\/li>\n\n\n\n<li>telecentro (inclus\u00e3o digital \u2013 inform\u00e1tica).<\/li>\n<\/ul>\n\n\n\n<p><br>A cria\u00e7\u00e3o do CEA do Imbirussu se constituir\u00e1 em um espa\u00e7o espec\u00edfico para a pr\u00e1tica e saberes da educa\u00e7\u00e3o ambiental, contribuindo para a promo\u00e7\u00e3o de atitudes e de habilidades necess\u00e1rias \u00e0 preserva\u00e7\u00e3o e melhoria da qualidade ambiental.<\/p>\n","protected":false},"excerpt":{"rendered":"<p>S\u00e3o \u00e1reas de propriedade p\u00fablica ou privada, ao longo dos corpos d\u2019\u00e1gua, em toda a sua extens\u00e3o ou n\u00e3o, que visam garantir a qualidade ambiental dos fundos de vale, podendo conter outras Unidades de Conserva\u00e7\u00e3o dentro de sua \u00e1rea de abrang\u00eancia. Navegue abaixo e informe-se sobre os Parques Lineares existentes: Parque Linear do S\u00f3ter O\u00a0Parque [&hellip;]<\/p>\n","protected":false},"author":1,"featured_media":0,"parent":0,"menu_order":7,"comment_status":"closed","ping_status":"closed","template":"","meta":{"_acf_changed":false,"custom_icon_class":"","footnotes":""},"class_list":["post-324","page","type-page","status-publish","hentry"],"acf":[],"_links":{"self":[{"href":"https:\/\/campogrande.nucleo.site\/semadur\/wp-json\/wp\/v2\/pages\/324","targetHints":{"allow":["GET"]}}],"collection":[{"href":"https:\/\/campogrande.nucleo.site\/semadur\/wp-json\/wp\/v2\/pages"}],"about":[{"href":"https:\/\/campogrande.nucleo.site\/semadur\/wp-json\/wp\/v2\/types\/page"}],"author":[{"embeddable":true,"href":"https:\/\/campogrande.nucleo.site\/semadur\/wp-json\/wp\/v2\/users\/1"}],"replies":[{"embeddable":true,"href":"https:\/\/campogrande.nucleo.site\/semadur\/wp-json\/wp\/v2\/comments?post=324"}],"version-history":[{"count":2,"href":"https:\/\/campogrande.nucleo.site\/semadur\/wp-json\/wp\/v2\/pages\/324\/revisions"}],"predecessor-version":[{"id":326,"href":"https:\/\/campogrande.nucleo.site\/semadur\/wp-json\/wp\/v2\/pages\/324\/revisions\/326"}],"wp:attachment":[{"href":"https:\/\/campogrande.nucleo.site\/semadur\/wp-json\/wp\/v2\/media?parent=324"}],"curies":[{"name":"wp","href":"https:\/\/api.w.org\/{rel}","templated":true}]}}