{"id":442,"date":"2023-11-20T10:44:08","date_gmt":"2023-11-20T13:44:08","guid":{"rendered":"https:\/\/campogrande.nucleo.site\/semadur\/?page_id=442"},"modified":"2023-11-20T11:00:27","modified_gmt":"2023-11-20T14:00:27","slug":"cea-polones","status":"publish","type":"page","link":"https:\/\/campogrande.nucleo.site\/semadur\/centros-de-educacao-ambiental\/cea-polones\/","title":{"rendered":"CEA Polon\u00eas"},"content":{"rendered":"\n<div class=\"wp-block-media-text is-stacked-on-mobile\" style=\"grid-template-columns:38% auto\"><figure class=\"wp-block-media-text__media\"><img loading=\"lazy\" decoding=\"async\" width=\"917\" height=\"585\" src=\"https:\/\/campogrande.nucleo.site\/semadur\/wp-content\/uploads\/sites\/12\/2023\/11\/CEA-Polones-Fachada.jpeg\" alt=\"\" class=\"wp-image-465 size-full\" srcset=\"https:\/\/campogrande.nucleo.site\/semadur\/wp-content\/uploads\/sites\/12\/2023\/11\/CEA-Polones-Fachada.jpeg 917w, https:\/\/campogrande.nucleo.site\/semadur\/wp-content\/uploads\/sites\/12\/2023\/11\/CEA-Polones-Fachada-300x191.jpeg 300w, https:\/\/campogrande.nucleo.site\/semadur\/wp-content\/uploads\/sites\/12\/2023\/11\/CEA-Polones-Fachada-768x490.jpeg 768w\" sizes=\"auto, (max-width: 917px) 100vw, 917px\" \/><\/figure><div class=\"wp-block-media-text__content\">\n<p>\u00c0s margens do C\u00f3rrego S\u00f3ter e com uma estrutura f\u00edsica dotada de &nbsp;audit\u00f3rio, espa\u00e7o multiuso, casa sustent\u00e1vel, trilha e espa\u00e7os de conviv\u00eancia, o local \u00e9 um convite perfeito \u00e0 &nbsp;reflex\u00e3o, \u00e0 caminhada e&nbsp;\u00e0 viv\u00eancia de pr\u00e1ticas sustent\u00e1veis.<\/p>\n\n\n\n<p>O p\u00fablico a que se destina o CEA s\u00e3o:<\/p>\n\n\n\n<ul class=\"wp-block-list\">\n<li>Popula\u00e7\u00e3o para visitas e caminhadas;<\/li>\n\n\n\n<li>Alunos do ensino fundamental e m\u00e9dio das escolas p\u00fablicas e &nbsp;privadas;<\/li>\n\n\n\n<li>Participantes de projetos realizados pela Prefeitura e por parceiros &nbsp;desta.<\/li>\n<\/ul>\n\n\n\n<p>Portanto, o CEA tem agenda permanente de visitas escolares, al\u00e9m \u00a0de promover, realizar ou somente sediar atividades e eventos ligados \u00a0\u00e0 quest\u00e3o ambiental.<\/p>\n\n\n\n<p>ACESSE O BLOG: <a rel=\"noreferrer noopener\" href=\"http:\/\/ceapolones.blogspot.com\/\" target=\"_blank\">www.ceapolones.blogspot.com<\/a><\/p>\n<\/div><\/div>\n\n\n\n<div style=\"height:20px\" aria-hidden=\"true\" class=\"wp-block-spacer\"><\/div>\n\n\n\n<div class=\"wp-block-media-text has-media-on-the-right is-stacked-on-mobile\" style=\"grid-template-columns:auto 38%\"><div class=\"wp-block-media-text__content\">\n<h5 class=\"wp-block-heading\">Funcionamento<\/h5>\n\n\n\n<p>De segunda a sexta-feira, das 8h \u00e0s 11h e das 13h30min. \u00e0s 17h.<\/p>\n\n\n\n<h5 class=\"wp-block-heading\">Contato<\/h5>\n\n\n\n<p>Telefone: 67-4042-1323 ramal 2770<\/p>\n\n\n\n<p>E-mail: <a href=\"mailto:ceapolones@gmail.com\" target=\"_blank\" rel=\"noreferrer noopener\">ceapolones@gmail.com<\/a><\/p>\n\n\n\n<h5 class=\"wp-block-heading\">Endere\u00e7o<\/h5>\n\n\n\n<p>Rua Corveta, 141, Bairro Carand\u00e1 Bosque<\/p>\n\n\n\n<p>79.032-590, Campo Grande, MS.<\/p>\n<\/div><figure class=\"wp-block-media-text__media\"><img loading=\"lazy\" decoding=\"async\" width=\"320\" height=\"240\" src=\"https:\/\/campogrande.nucleo.site\/semadur\/wp-content\/uploads\/sites\/12\/2023\/11\/CEA-Polones.jpg\" alt=\"\" class=\"wp-image-468 size-full\" srcset=\"https:\/\/campogrande.nucleo.site\/semadur\/wp-content\/uploads\/sites\/12\/2023\/11\/CEA-Polones.jpg 320w, https:\/\/campogrande.nucleo.site\/semadur\/wp-content\/uploads\/sites\/12\/2023\/11\/CEA-Polones-300x225.jpg 300w\" sizes=\"auto, (max-width: 320px) 100vw, 320px\" \/><\/figure><\/div>\n","protected":false},"excerpt":{"rendered":"<p>Funcionamento De segunda a sexta-feira, das 8h \u00e0s 11h e das 13h30min. \u00e0s 17h. Contato Telefone: 67-4042-1323 ramal 2770 E-mail: ceapolones@gmail.com Endere\u00e7o Rua Corveta, 141, Bairro Carand\u00e1 Bosque 79.032-590, Campo Grande, MS.<\/p>\n","protected":false},"author":1,"featured_media":0,"parent":406,"menu_order":3,"comment_status":"closed","ping_status":"closed","template":"wp-custom-template-pagina-cea","meta":{"_acf_changed":false,"custom_icon_class":"","footnotes":""},"class_list":["post-442","page","type-page","status-publish","hentry"],"acf":[],"_links":{"self":[{"href":"https:\/\/campogrande.nucleo.site\/semadur\/wp-json\/wp\/v2\/pages\/442","targetHints":{"allow":["GET"]}}],"collection":[{"href":"https:\/\/campogrande.nucleo.site\/semadur\/wp-json\/wp\/v2\/pages"}],"about":[{"href":"https:\/\/campogrande.nucleo.site\/semadur\/wp-json\/wp\/v2\/types\/page"}],"author":[{"embeddable":true,"href":"https:\/\/campogrande.nucleo.site\/semadur\/wp-json\/wp\/v2\/users\/1"}],"replies":[{"embeddable":true,"href":"https:\/\/campogrande.nucleo.site\/semadur\/wp-json\/wp\/v2\/comments?post=442"}],"version-history":[{"count":6,"href":"https:\/\/campogrande.nucleo.site\/semadur\/wp-json\/wp\/v2\/pages\/442\/revisions"}],"predecessor-version":[{"id":473,"href":"https:\/\/campogrande.nucleo.site\/semadur\/wp-json\/wp\/v2\/pages\/442\/revisions\/473"}],"up":[{"embeddable":true,"href":"https:\/\/campogrande.nucleo.site\/semadur\/wp-json\/wp\/v2\/pages\/406"}],"wp:attachment":[{"href":"https:\/\/campogrande.nucleo.site\/semadur\/wp-json\/wp\/v2\/media?parent=442"}],"curies":[{"name":"wp","href":"https:\/\/api.w.org\/{rel}","templated":true}]}}