{"id":486,"date":"2023-11-20T11:20:52","date_gmt":"2023-11-20T14:20:52","guid":{"rendered":"https:\/\/campogrande.nucleo.site\/semadur\/?page_id=486"},"modified":"2023-11-20T11:32:47","modified_gmt":"2023-11-20T14:32:47","slug":"residuos-da-construcao-civil-rcc","status":"publish","type":"page","link":"https:\/\/campogrande.nucleo.site\/semadur\/residuos-solidos\/residuos-da-construcao-civil-rcc\/","title":{"rendered":"Res\u00edduos da Constru\u00e7\u00e3o Civil (RCC)"},"content":{"rendered":"\n<p style=\"padding-top:20px\">A <a href=\"http:\/\/www.mma.gov.br\/port\/conama\/legiabre.cfm?codlegi=307\" data-type=\"link\" data-id=\"http:\/\/www.mma.gov.br\/port\/conama\/legiabre.cfm?codlegi=307\">Resolu\u00e7\u00e3o CONAMA N\u00b0. 307\/2002<\/a> estabelece diretrizes, crit\u00e9rios e procedimentos para a gest\u00e3o dos RCC. De acordo com esta Resolu\u00e7\u00e3o, os Res\u00edduos da Constru\u00e7\u00e3o Civil:<\/p>\n\n\n\n<p style=\"padding-left:20px\"><em>s\u00e3o os provenientes de constru\u00e7\u00f5es, reformas, reparos e demoli\u00e7\u00f5es de obras de constru\u00e7\u00e3o civil, e os resultantes da prepara\u00e7\u00e3o e da escava\u00e7\u00e3o de terrenos, tais como: tijolos, blocos cer\u00e2micos, concreto em geral, solos, rochas, metais, resinas, colas, tintas, madeiras e compensados, forros, argamassa, gesso, telhas, pavimento asf\u00e1ltico, vidros, pl\u00e1sticos, tubula\u00e7\u00f5es, fia\u00e7\u00e3o el\u00e9trica etc., comumente chamados de entulhos de obras, cali\u00e7a ou metralha.<\/em><\/p>\n\n\n\n<p>Os <strong>RCC<\/strong> e os <strong>Res\u00edduos Volumosos<\/strong> gerados em Campo Grande <strong>n\u00e3o podem ser dispostos<\/strong> em: \u00e1reas de \u201cbota fora\u201d, corpos d\u2019\u00e1gua, lotes vagos, passeios, vias e outras \u00e1reas p\u00fablicas, \u00e1reas n\u00e3o licenciadas nem em \u00e1reas protegidas por lei.<\/p>\n\n\n\n<p>Os pequenos volumes de RCC e Res\u00edduos Volumosos, <strong>limitados ao volume de 1 (um) metro c\u00fabico por descarga<\/strong>, devem ser destinados \u00e0 rede de <strong>Pontos de Entrega para Pequenos Volumes<\/strong> ou <strong>Ecopontos<\/strong>, onde os usu\u00e1rios devem ser respons\u00e1veis pela sua disposi\u00e7\u00e3o diferenciada.<\/p>\n\n\n\n<p>Os grandes volumes de RCC e Res\u00edduos Volumosos, <strong>superiores ao volume de 1 (um) metro c\u00fabico por descarga<\/strong>, devem ser destinados \u00e0 rede de \u00c1reas para Recep\u00e7\u00e3o de Grandes Volumes, onde devem ser objeto de triagem e destina\u00e7\u00e3o adequada.<\/p>\n\n\n\n<p>Os geradores poder\u00e3o transportar seus pr\u00f3prios res\u00edduos e, <strong>quando em volume superior a 1 (um) metro c\u00fabico ficam proibidos de fazer o deslocamento de res\u00edduos sem o respectivo CTR Eletr\u00f4nico<\/strong>.<\/p>\n\n\n\n<div class=\"wp-block-columns is-layout-flex wp-container-core-columns-is-layout-28f84493 wp-block-columns-is-layout-flex\">\n<div class=\"wp-block-column is-layout-flow wp-block-column-is-layout-flow\">\n<div class=\"wp-block-group is-nowrap is-layout-flex wp-container-core-group-is-layout-6c531013 wp-block-group-is-layout-flex\">        <i class=\"add-circle-outline wp-block-nwe-svg-icons has-text-color has-secondary-70-color has-48-font-size\"><\/i>\n        \n\n\n<p style=\"font-size:19px\"><strong><a href=\"https:\/\/prefcg-repositorio.campogrande.ms.gov.br\/wp-cdn\/uploads\/sites\/24\/2019\/01\/Cadastro-%C3%A1rea-de-destina%C3%A7%C3%A3o.docx\" data-type=\"link\" data-id=\"https:\/\/prefcg-repositorio.campogrande.ms.gov.br\/wp-cdn\/uploads\/sites\/24\/2019\/01\/Cadastro-%C3%A1rea-de-destina%C3%A7%C3%A3o.docx\">Cadastro Destino Final RCC<\/a><\/strong><\/p>\n<\/div>\n\n\n\n<div class=\"wp-block-group is-nowrap is-layout-flex wp-container-core-group-is-layout-6c531013 wp-block-group-is-layout-flex\">        <i class=\"add-circle-outline wp-block-nwe-svg-icons has-text-color has-secondary-70-color has-48-font-size\"><\/i>\n        \n\n\n<p style=\"font-size:19px\"><strong><a href=\"https:\/\/campogrande.coletas.online\/Seguranca\/TransportadoresCredenciados.aspx\" data-type=\"link\" data-id=\"https:\/\/campogrande.coletas.online\/Seguranca\/TransportadoresCredenciados.aspx\">Transportadores Credenciados<\/a><\/strong><\/p>\n<\/div>\n<\/div>\n\n\n\n<div class=\"wp-block-column is-layout-flow wp-block-column-is-layout-flow\">\n<div class=\"wp-block-group is-nowrap is-layout-flex wp-container-core-group-is-layout-6c531013 wp-block-group-is-layout-flex\">        <i class=\"add-circle-outline wp-block-nwe-svg-icons has-text-color has-secondary-70-color has-48-font-size\"><\/i>\n        \n\n\n<p style=\"font-size:19px\"><strong><a href=\"http:\/\/campogrande.coletas.online\/\" data-type=\"link\" data-id=\"http:\/\/campogrande.coletas.online\/\">Cadastro Gerador RCC<\/a><\/strong><\/p>\n<\/div>\n\n\n\n<div class=\"wp-block-group is-nowrap is-layout-flex wp-container-core-group-is-layout-6c531013 wp-block-group-is-layout-flex\">        <i class=\"add-circle-outline wp-block-nwe-svg-icons has-text-color has-secondary-70-color has-48-font-size\"><\/i>\n        \n\n\n<p style=\"font-size:19px\"><strong><a href=\"https:\/\/campogrande.coletas.online\/Seguranca\/DestinosCredenciados.aspx\" data-type=\"link\" data-id=\"https:\/\/campogrande.coletas.online\/Seguranca\/DestinosCredenciados.aspx\">Destinos Credenciados<\/a><\/strong><\/p>\n<\/div>\n<\/div>\n<\/div>\n\n\n\n<h5 class=\"wp-block-heading\" style=\"padding-top:15px\">Classifica\u00e7\u00e3o:<\/h5>\n\n\n\n<ol class=\"wp-block-list\">\n<li><strong>Classe A<\/strong><br>S\u00e3o os res\u00edduos reutiliz\u00e1veis ou recicl\u00e1veis como agregados, tais como:<br>a) de constru\u00e7\u00e3o, demoli\u00e7\u00e3o, reformas e reparos de pavimenta\u00e7\u00e3o e de outras obras de infraestrutura, inclusive solos provenientes de terraplanagem;<br>b) de constru\u00e7\u00e3o, demoli\u00e7\u00e3o, reformas e reparos de edifica\u00e7\u00f5es: componentes cer\u00e2micos (tijolos, blocos, telhas, placas de revestimento, etc.), argamassa e concreto;<br>c) de processo de fabrica\u00e7\u00e3o e\/ou demoli\u00e7\u00e3o de pe\u00e7as pr\u00e9-moldadas em concreto (blocos, tubos, meio-fios etc.) produzidas nos canteiros de obras.<\/li>\n\n\n\n<li><strong>Classe B<\/strong><br>S\u00e3o os res\u00edduos recicl\u00e1veis para outras destina\u00e7\u00f5es, tais como pl\u00e1sticos, papel, papel\u00e3o, metais, vidros, madeiras, embalagens vazias de tintas imobili\u00e1rias e gesso; (<a href=\"http:\/\/www.mma.gov.br\/port\/conama\/legiabre.cfm?codlegi=649\" data-type=\"link\" data-id=\"http:\/\/www.mma.gov.br\/port\/conama\/legiabre.cfm?codlegi=649\">Reda\u00e7\u00e3o dada pela Resolu\u00e7\u00e3o n.\u00b0. 469\/2015<\/a>).<\/li>\n\n\n\n<li><strong>Classe C<\/strong><br>S\u00e3o os res\u00edduos para os quais n\u00e3o foram desenvolvidas tecnologias ou aplica\u00e7\u00f5es economicamente vi\u00e1veis que permitam a sua reciclagem ou recupera\u00e7\u00e3o; (<a href=\"http:\/\/www.mma.gov.br\/port\/conama\/legiabre.cfm?codlegi=449\" data-type=\"link\" data-id=\"http:\/\/www.mma.gov.br\/port\/conama\/legiabre.cfm?codlegi=449\">Reda\u00e7\u00e3o dada pela Resolu\u00e7\u00e3o n.\u00b0. 431\/2011<\/a>).<\/li>\n\n\n\n<li><strong>Classe D<\/strong><br>S\u00e3o res\u00edduos perigosos oriundos do processo de constru\u00e7\u00e3o, tais como tintas, solventes, \u00f3leos e outros ou aqueles contaminados ou prejudiciais \u00e0 sa\u00fade oriundos de demoli\u00e7\u00f5es, reformas e reparos de cl\u00ednicas radiol\u00f3gicas, instala\u00e7\u00f5es industriais e outros, bem como telhas e demais objetos e materiais que contenham amianto ou outros produtos nocivos \u00e0 sa\u00fade. (<a href=\"http:\/\/www.mma.gov.br\/port\/conama\/legiabre.cfm?codlegi=449\" data-type=\"link\" data-id=\"http:\/\/www.mma.gov.br\/port\/conama\/legiabre.cfm?codlegi=449\">Reda\u00e7\u00e3o dada pela Resolu\u00e7\u00e3o n.\u00b0. 348\/04<\/a>).<\/li>\n<\/ol>\n\n\n\n<p>No \u00e2mbito dessa resolu\u00e7\u00e3o consideram-se embalagens vazias de tintas imobili\u00e1rias, aquelas cujo recipiente apresenta apenas filme seco de tinta em seu revestimento interno, sem ac\u00famulo de res\u00edduo de tinta l\u00edquida. (<a href=\"http:\/\/www.mma.gov.br\/port\/conama\/legiabre.cfm?codlegi=714\" data-type=\"link\" data-id=\"http:\/\/www.mma.gov.br\/port\/conama\/legiabre.cfm?codlegi=714\">Reda\u00e7\u00e3o dada pela Resolu\u00e7\u00e3o n.\u00b0. 469\/2015<\/a>)<\/p>\n\n\n\n<p>As embalagens de tintas usadas na constru\u00e7\u00e3o civil ser\u00e3o submetidas a sistema de log\u00edstica reversa, conforme requisitos da <a href=\"https:\/\/sites.google.com\/s\/1HpyD1vO51n4OgMOWmsx-KtkAE0pZtnDo\/p\/1ZebJDgl7vGR5EsylMF6nCp23aNUqavNI\/edit\" data-type=\"link\" data-id=\"https:\/\/sites.google.com\/s\/1HpyD1vO51n4OgMOWmsx-KtkAE0pZtnDo\/p\/1ZebJDgl7vGR5EsylMF6nCp23aNUqavNI\/edit\">Lei Federal n.\u00b0 12.305\/2010<\/a>, que contemple a destina\u00e7\u00e3o ambientalmente adequados dos res\u00edduos de tintas presentes nas embalagens. (<a href=\"http:\/\/www.mma.gov.br\/port\/conama\/legiabre.cfm?codlegi=714\" data-type=\"link\" data-id=\"http:\/\/www.mma.gov.br\/port\/conama\/legiabre.cfm?codlegi=714\">Reda\u00e7\u00e3o dada pela Resolu\u00e7\u00e3o n.\u00b0 469\/2015<\/a>).<\/p>\n\n\n\n<h5 class=\"wp-block-heading\">Destina\u00e7\u00e3o (ap\u00f3s triagem):<\/h5>\n\n\n\n<ol class=\"wp-block-list\">\n<li><strong>Classe A<\/strong><br>Dever\u00e3o ser reutilizados ou reciclados na forma de agregados, ou encaminhados a aterro de res\u00edduos classe A de reserva\u00e7\u00e3o de material para usos futuros; (nova reda\u00e7\u00e3o dada pela <a href=\"http:\/\/www.mma.gov.br\/port\/conama\/legiabre.cfm?codlegi=672\" data-type=\"link\" data-id=\"http:\/\/www.mma.gov.br\/port\/conama\/legiabre.cfm?codlegi=672\">Resolu\u00e7\u00e3o n.\u00ba 448\/2012<\/a>)<\/li>\n\n\n\n<li><strong>Classe B<\/strong><br>Dever\u00e3o ser reutilizados, reciclados ou encaminhados a \u00e1reas de armazenamento tempor\u00e1rio, sendo dispostos de modo a permitir a sua utiliza\u00e7\u00e3o ou reciclagem futura;<\/li>\n\n\n\n<li><strong>Classe C<\/strong><br>Dever\u00e3o ser armazenados, transportados e destinados conforme as normas t\u00e9cnicas espec\u00edficas.<\/li>\n\n\n\n<li><strong>Classe D<\/strong><br>Dever\u00e3o ser armazenados, transportados e destinados conforme as normas t\u00e9cnicas espec\u00edficas. (<a href=\"http:\/\/www.mma.gov.br\/port\/conama\/legiabre.cfm?codlegi=672\" data-type=\"link\" data-id=\"http:\/\/www.mma.gov.br\/port\/conama\/legiabre.cfm?codlegi=672\">nova reda\u00e7\u00e3o dada pela Resolu\u00e7\u00e3o n.\u00b0 448\/2012<\/a>)<\/li>\n<\/ol>\n\n\n\n<h5 class=\"wp-block-heading\">D\u00favidas<\/h5>\n\n\n\n<p>As d\u00favidas podem ser enviadas atrav\u00e9s do e-mail residuos.semadur@gmail.com, pelo telefone 4042-1323 ou presencialmente na sede da SEMADUR.<\/p>\n","protected":false},"excerpt":{"rendered":"<p>A Resolu\u00e7\u00e3o CONAMA N\u00b0. 307\/2002 estabelece diretrizes, crit\u00e9rios e procedimentos para a gest\u00e3o dos RCC. De acordo com esta Resolu\u00e7\u00e3o, os Res\u00edduos da Constru\u00e7\u00e3o Civil: s\u00e3o os provenientes de constru\u00e7\u00f5es, reformas, reparos e demoli\u00e7\u00f5es de obras de constru\u00e7\u00e3o civil, e os resultantes da prepara\u00e7\u00e3o e da escava\u00e7\u00e3o de terrenos, tais como: tijolos, blocos cer\u00e2micos, concreto [&hellip;]<\/p>\n","protected":false},"author":1,"featured_media":0,"parent":330,"menu_order":4,"comment_status":"closed","ping_status":"closed","template":"","meta":{"_acf_changed":false,"custom_icon_class":"","footnotes":""},"class_list":["post-486","page","type-page","status-publish","hentry"],"acf":[],"_links":{"self":[{"href":"https:\/\/campogrande.nucleo.site\/semadur\/wp-json\/wp\/v2\/pages\/486","targetHints":{"allow":["GET"]}}],"collection":[{"href":"https:\/\/campogrande.nucleo.site\/semadur\/wp-json\/wp\/v2\/pages"}],"about":[{"href":"https:\/\/campogrande.nucleo.site\/semadur\/wp-json\/wp\/v2\/types\/page"}],"author":[{"embeddable":true,"href":"https:\/\/campogrande.nucleo.site\/semadur\/wp-json\/wp\/v2\/users\/1"}],"replies":[{"embeddable":true,"href":"https:\/\/campogrande.nucleo.site\/semadur\/wp-json\/wp\/v2\/comments?post=486"}],"version-history":[{"count":7,"href":"https:\/\/campogrande.nucleo.site\/semadur\/wp-json\/wp\/v2\/pages\/486\/revisions"}],"predecessor-version":[{"id":497,"href":"https:\/\/campogrande.nucleo.site\/semadur\/wp-json\/wp\/v2\/pages\/486\/revisions\/497"}],"up":[{"embeddable":true,"href":"https:\/\/campogrande.nucleo.site\/semadur\/wp-json\/wp\/v2\/pages\/330"}],"wp:attachment":[{"href":"https:\/\/campogrande.nucleo.site\/semadur\/wp-json\/wp\/v2\/media?parent=486"}],"curies":[{"name":"wp","href":"https:\/\/api.w.org\/{rel}","templated":true}]}}