{"id":539,"date":"2023-11-20T14:52:49","date_gmt":"2023-11-20T17:52:49","guid":{"rendered":"https:\/\/campogrande.nucleo.site\/semadur\/?page_id=539"},"modified":"2023-11-21T08:47:06","modified_gmt":"2023-11-21T11:47:06","slug":"licenciamento-ambiental","status":"publish","type":"page","link":"https:\/\/campogrande.nucleo.site\/semadur\/licenciamento-ambiental\/","title":{"rendered":"Licenciamento Ambiental Municipal"},"content":{"rendered":"\n<h3 class=\"wp-block-heading has-text-align-center has-secondary-50-color has-text-color\">ATEN\u00c7\u00c3O<\/h3>\n\n\n\n<h4 class=\"wp-block-heading has-text-align-center has-secondary-50-color has-text-color\">A partir do dia 01\/06\/2023 n\u00e3o ser\u00e3o aceitos protocolos de requerimentos, cadastros descritivos e termos de refer\u00eancia com revis\u00e3o anterior a maio de 2023<\/h4>\n\n\n\n<p>O Licenciamento Ambiental Municipal foi institu\u00eddo pela <a href=\"https:\/\/prefcg-repositorio.campogrande.ms.gov.br\/wp-cdn\/uploads\/sites\/24\/2023\/05\/Lei-3612_1999.pdf\" target=\"_blank\" rel=\"noreferrer noopener\">Lei n. 3.612, de 30 de abril de 1999<\/a>, para o munic\u00edpio atuar no controle ambiental, especialmente quanto \u00e0 implanta\u00e7\u00e3o e o funcionamento de empreendimentos e atividades potencialmente causadoras de impacto ambiental em Campo Grande.<\/p>\n\n\n\n<p>O Poder Executivo publicou o <a href=\"https:\/\/prefcg-repositorio.campogrande.ms.gov.br\/wp-cdn\/uploads\/sites\/24\/2020\/02\/DECRETO-MUNICIPAL-N.-14.114_2020-COMPILADO.pdf\" target=\"_blank\" rel=\"noreferrer noopener\">Decreto Municipal n. 14.114, de 06 de janeiro de 2020<\/a>&nbsp; de forma a atualizar e regulamentar os artigos da Lei n. 3.612\/1999.<\/p>\n\n\n\n<p>O Licenciamento Ambiental \u00e9 o procedimento administrativo pelo qual o \u00f3rg\u00e3o ambiental competente licencia a localiza\u00e7\u00e3o, instala\u00e7\u00e3o, amplia\u00e7\u00e3o e a opera\u00e7\u00e3o de empreendimentos e atividades utilizadoras de recursos ambientais, consideradas efetiva ou potencialmente poluidoras ou daquelas que, sob qualquer forma, possam causar degrada\u00e7\u00e3o ambiental, considerando as disposi\u00e7\u00f5es legais e regulamentares e as normas t\u00e9cnicas aplic\u00e1veis ao caso. (<a href=\"http:\/\/www.mma.gov.br\/port\/conama\/legiabre.cfm?codlegi=237\" target=\"_blank\" rel=\"noreferrer noopener\">Resolu\u00e7\u00e3o CONAMA N\u00b0. 237\/1997<\/a>, art. 1\u00b0, inciso I)<\/p>\n\n\n\n<p>Compete a esta Secretaria, ouvidos os \u00f3rg\u00e3os competentes da Uni\u00e3o, dos Estados e do Distrito Federal, quando couber, o licenciamento ambiental de empreendimentos e atividades de impacto ambiental local e daquelas que lhe forem delegadas pelo Estado por instrumento legal ou conv\u00eanio.<\/p>\n\n\n\n<div style=\"height:20px\" aria-hidden=\"true\" class=\"wp-block-spacer\"><\/div>\n\n\n\n<div class=\"wp-block-columns is-layout-flex wp-container-core-columns-is-layout-d6bceb4d wp-block-columns-is-layout-flex\" style=\"margin-top:0.99rem;margin-bottom:0.99rem\">\n<div class=\"wp-block-column is-layout-flow wp-block-column-is-layout-flow\">\n<div class=\"wp-block-buttons is-layout-flex wp-block-buttons-is-layout-flex\">\n<div class=\"wp-block-button has-custom-width wp-block-button__width-100 is-style-outline is-style-outline--1\"><a class=\"wp-block-button__link has-secondary-70-color has-text-color wp-element-button\" href=\"\/semadur\/licenciamento-ambiental\/termos-de-referencia\/\" style=\"border-radius:8px;padding-top:4rem;padding-bottom:4rem\">TERMOS DE <br>REFER\u00caNCIA<\/a><\/div>\n<\/div>\n<\/div>\n\n\n\n<div class=\"wp-block-column is-layout-flow wp-block-column-is-layout-flow\">\n<div class=\"wp-block-buttons is-layout-flex wp-block-buttons-is-layout-flex\">\n<div class=\"wp-block-button has-custom-width wp-block-button__width-100 is-style-outline is-style-outline--2\"><a class=\"wp-block-button__link has-secondary-70-color has-text-color wp-element-button\" href=\"\/semadur\/licenciamento-ambiental\/requerimentos\/\" style=\"border-radius:8px;padding-top:4rem;padding-bottom:4rem\">REQUERIMENTOS <br>LICIAMENTO AMBIENTAL<\/a><\/div>\n<\/div>\n<\/div>\n\n\n\n<div class=\"wp-block-column is-layout-flow wp-block-column-is-layout-flow\">\n<div class=\"wp-block-buttons is-layout-flex wp-block-buttons-is-layout-flex\">\n<div class=\"wp-block-button has-custom-width wp-block-button__width-100 is-style-outline is-style-outline--3\"><a class=\"wp-block-button__link has-secondary-70-color has-text-color wp-element-button\" href=\"\/semadur\/licenciamento-ambiental\/cadastro-descritivo\/\" style=\"border-radius:8px;padding-top:4rem;padding-bottom:4rem\" target=\"_blank\" rel=\"noreferrer noopener\">CADASTRO <br>DESCRITIVO<\/a><\/div>\n<\/div>\n<\/div>\n\n\n\n<div class=\"wp-block-column is-layout-flow wp-block-column-is-layout-flow\">\n<div class=\"wp-block-buttons is-layout-flex wp-block-buttons-is-layout-flex\">\n<div class=\"wp-block-button has-custom-width wp-block-button__width-100 is-style-outline is-style-outline--4\"><a class=\"wp-block-button__link has-secondary-70-color has-text-color wp-element-button\" href=\"https:\/\/prefcg-repositorio.campogrande.ms.gov.br\/wp-cdn\/uploads\/sites\/24\/2021\/07\/PLANTAO_TECNICO_11_NOVEMBRO_2023.pdf\" style=\"border-radius:8px;padding-top:4rem;padding-bottom:4rem\" target=\"_blank\" rel=\"noreferrer noopener\">PLANT\u00c3O <br>T\u00c9CNICO<\/a><\/div>\n<\/div>\n<\/div>\n<\/div>\n\n\n\n<div style=\"height:20px\" aria-hidden=\"true\" class=\"wp-block-spacer\"><\/div>\n\n\n\n<div class=\"wp-block-columns is-layout-flex wp-container-core-columns-is-layout-d6bceb4d wp-block-columns-is-layout-flex\" style=\"margin-top:0.99rem;margin-bottom:0.99rem\">\n<div class=\"wp-block-column is-layout-flow wp-block-column-is-layout-flow\">\n<div class=\"wp-block-buttons is-layout-flex wp-block-buttons-is-layout-flex\">\n<div class=\"wp-block-button has-custom-width wp-block-button__width-100 is-style-outline is-style-outline--5\"><a class=\"wp-block-button__link has-secondary-70-color has-text-color wp-element-button\" href=\"\/semadur\/licenciamento-ambiental\/perguntas-frequentes\/\" style=\"border-radius:8px;padding-top:4rem;padding-bottom:4rem\">PERGUNTAS<br>FREQUENTES<\/a><\/div>\n<\/div>\n<\/div>\n\n\n\n<div class=\"wp-block-column is-layout-flow wp-block-column-is-layout-flow\">\n<div class=\"wp-block-buttons is-layout-flex wp-block-buttons-is-layout-flex\">\n<div class=\"wp-block-button has-custom-width wp-block-button__width-100 is-style-outline is-style-outline--6\"><a class=\"wp-block-button__link has-secondary-70-color has-text-color wp-element-button\" href=\"\/semadur\/licenciamento-ambiental\/modelos-de-publicacao-em-edital-licenciamento-ambiental\/\" style=\"border-radius:8px;padding-top:4rem;padding-bottom:4rem\" target=\"_blank\" rel=\"noreferrer noopener\">MODELO DE<br>PUBLICA\u00c7\u00c3O<\/a><\/div>\n<\/div>\n<\/div>\n\n\n\n<div class=\"wp-block-column is-layout-flow wp-block-column-is-layout-flow\">\n<div class=\"wp-block-buttons is-layout-flex wp-block-buttons-is-layout-flex\">\n<div class=\"wp-block-button has-custom-width wp-block-button__width-100 is-style-outline is-style-outline--7\"><a class=\"wp-block-button__link has-secondary-70-color has-text-color wp-element-button\" href=\"\/semadur\/licenciamento-ambiental\/relatorio-das-atividades-silam\/\" style=\"border-radius:8px;padding-top:4rem;padding-bottom:4rem\">LICEN\u00c7AS REQUERIDAS E CONCEDIDAS<\/a><\/div>\n<\/div>\n<\/div>\n\n\n\n<div class=\"wp-block-column is-layout-flow wp-block-column-is-layout-flow\"><\/div>\n<\/div>\n","protected":false},"excerpt":{"rendered":"<p>ATEN\u00c7\u00c3O A partir do dia 01\/06\/2023 n\u00e3o ser\u00e3o aceitos protocolos de requerimentos, cadastros descritivos e termos de refer\u00eancia com revis\u00e3o anterior a maio de 2023 O Licenciamento Ambiental Municipal foi institu\u00eddo pela Lei n. 3.612, de 30 de abril de 1999, para o munic\u00edpio atuar no controle ambiental, especialmente quanto \u00e0 implanta\u00e7\u00e3o e o funcionamento [&hellip;]<\/p>\n","protected":false},"author":1,"featured_media":0,"parent":0,"menu_order":2,"comment_status":"closed","ping_status":"closed","template":"","meta":{"_acf_changed":false,"custom_icon_class":"","footnotes":""},"class_list":["post-539","page","type-page","status-publish","hentry"],"acf":[],"_links":{"self":[{"href":"https:\/\/campogrande.nucleo.site\/semadur\/wp-json\/wp\/v2\/pages\/539","targetHints":{"allow":["GET"]}}],"collection":[{"href":"https:\/\/campogrande.nucleo.site\/semadur\/wp-json\/wp\/v2\/pages"}],"about":[{"href":"https:\/\/campogrande.nucleo.site\/semadur\/wp-json\/wp\/v2\/types\/page"}],"author":[{"embeddable":true,"href":"https:\/\/campogrande.nucleo.site\/semadur\/wp-json\/wp\/v2\/users\/1"}],"replies":[{"embeddable":true,"href":"https:\/\/campogrande.nucleo.site\/semadur\/wp-json\/wp\/v2\/comments?post=539"}],"version-history":[{"count":9,"href":"https:\/\/campogrande.nucleo.site\/semadur\/wp-json\/wp\/v2\/pages\/539\/revisions"}],"predecessor-version":[{"id":674,"href":"https:\/\/campogrande.nucleo.site\/semadur\/wp-json\/wp\/v2\/pages\/539\/revisions\/674"}],"wp:attachment":[{"href":"https:\/\/campogrande.nucleo.site\/semadur\/wp-json\/wp\/v2\/media?parent=539"}],"curies":[{"name":"wp","href":"https:\/\/api.w.org\/{rel}","templated":true}]}}