{"id":141,"date":"2023-12-01T13:54:43","date_gmt":"2023-12-01T16:54:43","guid":{"rendered":"https:\/\/campogrande.nucleo.site\/semed\/?page_id=141"},"modified":"2023-12-05T11:00:10","modified_gmt":"2023-12-05T14:00:10","slug":"processos-seletivos","status":"publish","type":"page","link":"https:\/\/campogrande.nucleo.site\/semed\/processos-seletivos\/","title":{"rendered":"Processos Seletivos"},"content":{"rendered":"\n        <div style=\"--color: var(--wp--preset--color--grey-80); --background-color: var(--wp--preset--color--grey-40); --active-color: var(--wp--preset--color--grey-80); --active-background-color: var(--wp--preset--color--grey-20);\" class=\"has-text-color wp-block-nwe-tabs\">\n                            <div class=\"tabs-header\">\n                                        <div class=\"tabs-navigation\">\n                        <div class=\"item-navigation has-background\" id=\"741084ab-403c-4690-8fa2-c806b34d6433\">APE 2023<\/div><div class=\"item-navigation has-background\" id=\"34f1bf66-8c91-4d66-81cb-d291e8f834f2\">Esporte e Arte<\/div><div class=\"item-navigation has-background\" id=\"fcda481e-fd37-4a91-99e4-d79dfab17670\">Profuncion\u00e1rio<\/div><div class=\"item-navigation has-background\" id=\"9849356e-e2f5-46fa-843c-33d77f3818a3\">MS Alfabetiza 2023<\/div><div class=\"item-navigation has-background\" id=\"dfc62f82-92d4-496f-b62e-d29077e7fab1\">MS Alfabetiza 2022<\/div>                    <\/div>\n                                    <\/div>\n                <div class=\"tabs-content\">\n                    \n<div class=\"has-text-color wp-block-nwe-tabs-item\" id=\"741084ab-403c-4690-8fa2-c806b34d6433\">\n\n<p style=\"padding-top:2rem;padding-right:2rem;padding-bottom:2rem;padding-left:2rem\"><a href=\"https:\/\/www.campogrande.ms.gov.br\/semed\/dee-divisao-de-educacao-especial-novo\/\" target=\"_blank\" rel=\"noreferrer noopener\">Acesse a DEE &#8211;  Divis\u00e3o de Educa\u00e7\u00e3o Especial<\/a><\/p>\n\n<\/div>\n\n<div class=\"has-text-color wp-block-nwe-tabs-item\" id=\"34f1bf66-8c91-4d66-81cb-d291e8f834f2\">\n\n<p style=\"padding-top:2rem;padding-right:2rem;padding-bottom:2rem;padding-left:2rem\"><a href=\"https:\/\/campogrande.nucleo.site\/semed\/deac-divisao-de-esporte-arte-e-cultura\/\">Siga os processos seletivos <\/a><a href=\"https:\/\/www.campogrande.ms.gov.br\/semed\/deac-divisao-de-esporte-arte-e-cultura-novo\/\" target=\"_blank\" rel=\"noreferrer noopener\">da<\/a><a href=\"https:\/\/campogrande.nucleo.site\/semed\/deac-divisao-de-esporte-arte-e-cultura\/\"> \u00e1rea de Esporte, Arte e Cultura \u2013 DEAC \u2013 Campo Grande\/MS<\/a><\/p>\n\n<\/div>\n\n<div class=\"has-text-color wp-block-nwe-tabs-item\" id=\"fcda481e-fd37-4a91-99e4-d79dfab17670\">\n\n<div class=\"wp-block-group flex-1 is-layout-constrained wp-container-core-group-is-layout-6cf6249f wp-block-group-is-layout-constrained\" style=\"padding-top:2rem;padding-right:2rem;padding-bottom:2rem;padding-left:2rem\">\n<p>Programa Nacional de Forma\u00e7\u00e3o Inicial em Servi\u00e7os dos Profissionais da Educa\u00e7\u00e3o B\u00e1sica dos Sistemas de Ensino P\u00fablico (Profuncion\u00e1rio).<\/p>\n\n\n\n<div class=\"wp-block-columns is-layout-flex wp-container-core-columns-is-layout-f356f086 wp-block-columns-is-layout-flex\">\n<div class=\"wp-block-column is-layout-flow wp-block-column-is-layout-flow\">\n<div class=\"wp-block-buttons is-layout-flex wp-block-buttons-is-layout-flex\">\n<div class=\"wp-block-button has-custom-width wp-block-button__width-100 is-style-outline is-style-outline--1\"><a class=\"wp-block-button__link wp-element-button\" href=\"https:\/\/prefcg-repositorio.campogrande.ms.gov.br\/wp-cdn\/uploads\/sites\/5\/2022\/06\/profuncionrio_relao_inscrio_preliminar_processo2-prefcg-1655988429.pdf\" style=\"border-radius:8px\" target=\"_blank\" rel=\"noreferrer noopener\">Rela\u00e7\u00e3o Preliminar do Programa ProFuncion\u00e1rio 2022<\/a><\/div>\n<\/div>\n<\/div>\n\n\n\n<div class=\"wp-block-column is-layout-flow wp-block-column-is-layout-flow\">\n<div class=\"wp-block-buttons is-layout-flex wp-block-buttons-is-layout-flex\">\n<div class=\"wp-block-button has-custom-width wp-block-button__width-100 is-style-outline is-style-outline--2\"><a class=\"wp-block-button__link wp-element-button\" href=\"https:\/\/prefcg-repositorio.campogrande.ms.gov.br\/wp-cdn\/uploads\/sites\/5\/2022\/06\/listafinalprofuncionario-prefcg-1654088861.pdf\" style=\"border-radius:8px\" target=\"_blank\" rel=\"noreferrer noopener\">Rela\u00e7\u00e3o Preliminar dos <br>Inscritos<\/a><\/div>\n<\/div>\n<\/div>\n\n\n\n<div class=\"wp-block-column is-layout-flow wp-block-column-is-layout-flow\">\n<div class=\"wp-block-buttons is-layout-flex wp-block-buttons-is-layout-flex\">\n<div class=\"wp-block-button has-custom-width wp-block-button__width-100 is-style-outline is-style-outline--3\"><a class=\"wp-block-button__link wp-element-button\" href=\"https:\/\/prefcg-repositorio.campogrande.ms.gov.br\/wp-cdn\/uploads\/sites\/5\/2022\/06\/profuncionrio_interposioderecurso-prefcg-1654085403.pdf\" style=\"border-radius:8px\" target=\"_blank\" rel=\"noreferrer noopener\">Interposi\u00e7\u00e3o de <br>Recurso<\/a><\/div>\n<\/div>\n<\/div>\n<\/div>\n<\/div>\n\n<\/div>\n\n<div class=\"has-text-color wp-block-nwe-tabs-item\" id=\"9849356e-e2f5-46fa-843c-33d77f3818a3\">\n\n<div class=\"wp-block-group flex-1 is-layout-constrained wp-container-core-group-is-layout-6cf6249f wp-block-group-is-layout-constrained\" style=\"padding-top:2rem;padding-right:2rem;padding-bottom:2rem;padding-left:2rem\">\n<p><a href=\"https:\/\/prefcg-repositorio.campogrande.ms.gov.br\/wp-cdn\/uploads\/sites\/5\/2023\/05\/Edital-conjunto-Semed-Sed-n.-2-2023-republicacao.pdf\" target=\"_blank\" rel=\"noreferrer noopener\">Edital Conjunto SEMED\/SED n. 2\/2023 \u2013 12 de maio 2023 \u2013 republica\u00e7\u00e3o<\/a><\/p>\n\n\n\n<p><a href=\"https:\/\/prefcg-repositorio.campogrande.ms.gov.br\/wp-cdn\/uploads\/sites\/5\/2023\/05\/Ficha-de-inscricao_MS_Afabetiza.pdf\" target=\"_blank\" rel=\"noreferrer noopener\">Ficha de Inscri\u00e7\u00e3o \u2013 Anexo II ao Edital Conjunto SEMED\/SE<\/a><a href=\"https:\/\/www.campogrande.ms.gov.br\/semed\/downloads\/anexo-ii-ao-edital-conjunto-semed-sed-n-2-2023\/\">D n. 2\/2023<\/a><\/p>\n\n\n\n<p>Link para Inscri\u00e7\u00e3o on-line (\u00e9 necess\u00e1rio anexar os documentos exigidos no item 5 do Edital)<\/p>\n\n\n\n<p><a href=\"https:\/\/prefcg-repositorio.campogrande.ms.gov.br\/wp-cdn\/uploads\/sites\/5\/2023\/05\/MSAlfabetiza_CandidatosInscritos_preliminar.pdf\" target=\"_blank\" rel=\"noreferrer noopener\">Rela\u00e7\u00e3o de inscritos preliminar MS Alfabetiza 2023<\/a><\/p>\n\n\n\n<p><a href=\"https:\/\/prefcg-repositorio.campogrande.ms.gov.br\/wp-cdn\/uploads\/sites\/5\/2023\/05\/MSAlfabetiza_RelacaoDeCandidatosInscritos.pdf\" target=\"_blank\" rel=\"noreferrer noopener\">Rela\u00e7\u00e3o de inscritos MS Alfabetiza \u2013 16\/05\/2023<\/a><\/p>\n\n\n\n<p><a href=\"https:\/\/prefcg-repositorio.campogrande.ms.gov.br\/wp-cdn\/uploads\/sites\/5\/2023\/05\/MSAlfabetiza_ConvocacaoParaEntrevista.pdf\" target=\"_blank\" rel=\"noreferrer noopener\">Convoca\u00e7\u00e3o para entrevista MS Alfabetiza<\/a><\/p>\n\n\n\n<p><a href=\"https:\/\/prefcg-repositorio.campogrande.ms.gov.br\/wp-cdn\/uploads\/sites\/5\/2023\/05\/MSAlfabetiza_ConvocacaoParaEntrevista.pdf\" target=\"_blank\" rel=\"noreferrer noopener\">Convoca\u00e7\u00e3o para entrega de documentos MS Alfabetiza<\/a><\/p>\n\n\n\n<p><a href=\"https:\/\/prefcg-repositorio.campogrande.ms.gov.br\/wp-cdn\/uploads\/sites\/5\/2023\/05\/MSAlfabetiza_ConvocacaoParaBancaDeHeteroidentificacao.pdf\" target=\"_blank\" rel=\"noreferrer noopener\">Convoca\u00e7\u00e3o para Banca de Heteroidentifica\u00e7\u00e3o<\/a><\/p>\n\n\n\n<p><a href=\"https:\/\/prefcg-repositorio.campogrande.ms.gov.br\/wp-cdn\/uploads\/sites\/5\/2023\/05\/Analise-Curricular-e-Entrevista-Resultado-Preliminar.pdf\" target=\"_blank\" rel=\"noreferrer noopener\">Resultado Preliminar \u2013 An\u00e1lise Curricular e Entrevista<\/a><\/p>\n\n\n\n<p><a href=\"https:\/\/prefcg-repositorio.campogrande.ms.gov.br\/wp-cdn\/uploads\/sites\/5\/2023\/05\/Banca-de-Heteroidentificacao-Resultado-Preliminar.pdf\" target=\"_blank\" rel=\"noreferrer noopener\">Resultado Preliminar \u2013 Banca de Heteroidentifica\u00e7\u00e3o<\/a><\/p>\n\n\n\n<p><a href=\"https:\/\/prefcg-repositorio.campogrande.ms.gov.br\/wp-cdn\/uploads\/sites\/5\/2023\/05\/MS-ALFA-PROCESSO-SELETIVO-RESULTADO-FINAL.pdf\" target=\"_blank\" rel=\"noreferrer noopener\">Resultado Final \u2013 MS Alfabetiza 2023<\/a><\/p>\n<\/div>\n\n<\/div>\n\n<div class=\"has-text-color wp-block-nwe-tabs-item\" id=\"dfc62f82-92d4-496f-b62e-d29077e7fab1\">\n\n<div class=\"wp-block-group is-layout-constrained wp-container-core-group-is-layout-6cf6249f wp-block-group-is-layout-constrained\" style=\"padding-top:2rem;padding-right:2rem;padding-bottom:2rem;padding-left:2rem\">\n<p>Banco reserva de colaboradores para a fun\u00e7\u00e3o de Formador Municipal \u2013 MS Alfabetiza<\/p>\n\n\n\n<p>Processo Seletivo Simplificado do Programa MS Alfabetiza \u2013 todos pela alfabetiza\u00e7\u00e3o da crian\u00e7a, para a constitui\u00e7\u00e3o do banco reserva de colaboradores para a fun\u00e7\u00e3o de formador municipal<\/p>\n\n\n\n<h6 class=\"wp-block-heading has-text-align-center\">Nova Chamada<\/h6>\n\n\n\n<p><a href=\"https:\/\/prefcg-repositorio.campogrande.ms.gov.br\/wp-cdn\/uploads\/sites\/5\/2022\/06\/processoii_msalfabetiza_classificaofinal-prefcg-1654536537.pdf\" target=\"_blank\" rel=\"noreferrer noopener\">MS ALFABETIZA \u2013 CLASSIFICA\u00c7\u00c3O FINAL<\/a><\/p>\n\n\n\n<p><a href=\"https:\/\/prefcg-repositorio.campogrande.ms.gov.br\/wp-cdn\/uploads\/sites\/5\/2022\/06\/processoii_msalfabetiza_analisecurricular_preliminar-docx-prefcg-1654256094.pdf\" target=\"_blank\" rel=\"noreferrer noopener\">MS ALFABETIZA \u2013 AN\u00c1LISE CURRICULAR \u2013 VERS\u00c3O PRELIMINAR<\/a><\/p>\n\n\n\n<p><a href=\"https:\/\/prefcg-repositorio.campogrande.ms.gov.br\/wp-cdn\/uploads\/sites\/5\/2022\/05\/processoii_msalfabetiza_candidatosinscritos_final-prefcg-1654044940.pdf\" target=\"_blank\" rel=\"noreferrer noopener\">PROGRAMA MS ALFABETIZA \u2013 CONVOCA\u00c7\u00c3O PARA A REALIZA\u00c7\u00c3O DA AN\u00c1LISE CURRICULAR<\/a><\/p>\n\n\n\n<p><a href=\"https:\/\/prefcg-repositorio.campogrande.ms.gov.br\/wp-cdn\/uploads\/sites\/5\/2022\/05\/msalfabetiza_candidatosinscritos_preliminar-docx-prefcg-1653689592.pdf\" target=\"_blank\" rel=\"noreferrer noopener\">RELA\u00c7\u00c3O DE CANDIDATOS \u2013 PRELIMINAR \u2013 MS ALFABETIZA<\/a><\/p>\n\n\n\n<p><a href=\"https:\/\/prefcg-repositorio.campogrande.ms.gov.br\/wp-cdn\/uploads\/sites\/5\/2022\/05\/semed-sed-msalfabetiza-fichadeinscrio-prefcg-1653599578.pdf\" target=\"_blank\" rel=\"noreferrer noopener\">MS ALFABETIZA \u2013 FICHA DE INSCRI\u00c7\u00c3O<\/a><\/p>\n\n\n\n<hr class=\"wp-block-separator has-alpha-channel-opacity is-style-dots\"\/>\n\n\n\n<p><\/p>\n\n\n\n<p><a href=\"https:\/\/prefcg-repositorio.campogrande.ms.gov.br\/wp-cdn\/uploads\/sites\/5\/2022\/05\/msalfabetiza_classificaofinal-docx-prefcg-1652107958.pdf\" target=\"_blank\" rel=\"noreferrer noopener\">PROCESSO SELETIVO \u2013 MS ALFABETIZA: Rela\u00e7\u00e3o de candidatos inscritos \u2013 CLASSIFICA\u00c7\u00c3O FINAL<\/a><\/p>\n\n\n\n<p><a href=\"https:\/\/prefcg-repositorio.campogrande.ms.gov.br\/wp-cdn\/uploads\/sites\/5\/2022\/05\/msalfabetiza_analisecurricular_pontuaopreliminar-docx-prefcg-1651784653.pdf\" target=\"_blank\" rel=\"noreferrer noopener\">PROCESSO SELETIVO \u2013 MS ALFABETIZA: Rela\u00e7\u00e3o de candidatos inscritos \u2013 PONTUA\u00c7\u00c3O PRELIMINAR (An\u00e1lise de Curr\u00edculo)<\/a><\/p>\n\n\n\n<p><a href=\"https:\/\/prefcg-repositorio.campogrande.ms.gov.br\/wp-cdn\/uploads\/sites\/5\/2022\/05\/msalfabetiza_candidatosinscritos_f-docx-prefcg-1651611734.pdf\" target=\"_blank\" rel=\"noreferrer noopener\">PROCESSO SELETIVO \u2013 MS ALFABETIZA: Rela\u00e7\u00e3o de candidatos inscritos \u2013 ENTREGA DE DOCUMENTOS<\/a><\/p>\n\n\n\n<p><a href=\"https:\/\/prefcg-repositorio.campogrande.ms.gov.br\/wp-cdn\/uploads\/sites\/5\/2022\/04\/alfabetiza_candidatosinscritos_preliminar-docx-prefcg-1651267492.pdf\" target=\"_blank\" rel=\"noreferrer noopener\">PROCESSO SELETIVO \u2013 MS ALFABETIZA: Rela\u00e7\u00e3o de candidatos inscritos \u2013 RESULTADO PRELIMINAR<\/a><\/p>\n<\/div>\n\n<\/div>\n                <\/div>\n                    <\/div>\n        ","protected":false},"excerpt":{"rendered":"","protected":false},"author":1,"featured_media":0,"parent":0,"menu_order":8,"comment_status":"closed","ping_status":"closed","template":"","meta":{"_acf_changed":false,"custom_icon_class":"","footnotes":""},"class_list":["post-141","page","type-page","status-publish","hentry"],"acf":[],"_links":{"self":[{"href":"https:\/\/campogrande.nucleo.site\/semed\/wp-json\/wp\/v2\/pages\/141","targetHints":{"allow":["GET"]}}],"collection":[{"href":"https:\/\/campogrande.nucleo.site\/semed\/wp-json\/wp\/v2\/pages"}],"about":[{"href":"https:\/\/campogrande.nucleo.site\/semed\/wp-json\/wp\/v2\/types\/page"}],"author":[{"embeddable":true,"href":"https:\/\/campogrande.nucleo.site\/semed\/wp-json\/wp\/v2\/users\/1"}],"replies":[{"embeddable":true,"href":"https:\/\/campogrande.nucleo.site\/semed\/wp-json\/wp\/v2\/comments?post=141"}],"version-history":[{"count":10,"href":"https:\/\/campogrande.nucleo.site\/semed\/wp-json\/wp\/v2\/pages\/141\/revisions"}],"predecessor-version":[{"id":958,"href":"https:\/\/campogrande.nucleo.site\/semed\/wp-json\/wp\/v2\/pages\/141\/revisions\/958"}],"wp:attachment":[{"href":"https:\/\/campogrande.nucleo.site\/semed\/wp-json\/wp\/v2\/media?parent=141"}],"curies":[{"name":"wp","href":"https:\/\/api.w.org\/{rel}","templated":true}]}}