{"id":194,"date":"2023-12-01T10:48:55","date_gmt":"2023-12-01T17:28:16","guid":{"rendered":"https:\/\/campogrande.nucleo.site\/semed\/?page_id=194"},"modified":"2023-12-08T09:23:46","modified_gmt":"2023-12-08T12:23:46","slug":"profuncionario-nova","status":"publish","type":"page","link":"https:\/\/campogrande.nucleo.site\/semed\/profuncionario-nova\/","title":{"rendered":"PROFUNCION\u00c1RIO"},"content":{"rendered":"\n<div class=\"wp-block-group is-layout-constrained wp-block-group-is-layout-constrained\">\n        <div style=\"--color: #000000; --background-color: var(--wp--preset--color--grey-10); --active-color: #000000; --active-background-color: #ffffff;\" class=\"has-text-color wp-block-nwe-tabs\">\n                            <div class=\"tabs-header\">\n                                        <div class=\"tabs-navigation\">\n                        <div class=\"item-navigation has-background\" id=\"1ac62a8b-d6af-497c-b915-1355f8b76dda\">O que \u00e9 o PROFUNCIONARIO?<\/div><div class=\"item-navigation has-background\" id=\"183b114b-1041-464a-82b9-16ba27018dc3\">Equipe PROFUNCIONARIO<\/div><div class=\"item-navigation has-background\" id=\"10b65598-d607-4399-bd44-c51c72e32404\">Calend\u00e1rio de Aulas<\/div><div class=\"item-navigation has-background\" id=\"bcfef404-c007-481c-ba12-4a30b7d98454\">Ementas<\/div>                    <\/div>\n                                    <\/div>\n                <div class=\"tabs-content\">\n                    \n<div class=\"has-text-color wp-block-nwe-tabs-item\" id=\"1ac62a8b-d6af-497c-b915-1355f8b76dda\">\n\n<div class=\"wp-block-group is-layout-constrained wp-block-group-is-layout-constrained\">\n<div style=\"height:58px\" aria-hidden=\"true\" class=\"wp-block-spacer\"><\/div>\n\n\n\n<p>O Programa Profuncion\u00e1rio implantado pelo parecer CNE\/CEB n.\u00ba 16\/2005, aprovado em 03\/08\/2005 e homologado pelo Ministro da Educa\u00e7\u00e3o em 26\/10\/2005, contribuiu efetivamente para a realiza\u00e7\u00e3o do programa, buscando unir as dimens\u00f5es t\u00e9cnicas e pedag\u00f3gicos imprescind\u00edveis para a forma\u00e7\u00e3o humana, comprometida, \u00e9tica e profissionalmente com a constru\u00e7\u00e3o de uma educa\u00e7\u00e3o de qualidade para todos. A implanta\u00e7\u00e3o consolidou-se em 2006 em regime de colabora\u00e7\u00e3o com os sistemas de ensino federais convidados a se responsabilizar pela oferta dos cursos na modalidade de educa\u00e7\u00e3o a dist\u00e2ncia (EAD) para a forma\u00e7\u00e3o em servi\u00e7o dos profissionais em educa\u00e7\u00e3o b\u00e1sica, mais conhecidos como t\u00e9cnicos administrativos ou funcion\u00e1rios da educa\u00e7\u00e3o.<\/p>\n\n\n\n<p>O Profuncion\u00e1rio \u00e9 o programa indutor da forma\u00e7\u00e3o em servi\u00e7o de profissionais administrativos da educa\u00e7\u00e3o b\u00e1sica efetivos n\u00e3o docentes, que trabalham em escolas p\u00fablicas e EMEI\u2019s, conforme a Lei n. 9394\/1996 (Diretrizes e Bases da Educa\u00e7\u00e3o Nacional), em seu art. 61, bem como o par\u00e1grafo \u00fanico do art. 62-A, tornou a profissionaliza\u00e7\u00e3o um direito de todos os funcion\u00e1rios da educa\u00e7\u00e3o.<\/p>\n\n\n\n<p>Seu objetivo \u00e9 promover cursos t\u00e9cnicos e cursos superiores de tecnologia, em \u00e1reas compat\u00edveis com as atividades desempenhadas, como:<\/p>\n\n\n\n<p>I \u2013 Secretaria Escolar;<\/p>\n\n\n\n<p>II \u2013 Alimenta\u00e7\u00e3o Escolar;<\/p>\n\n\n\n<p>III \u2013 Multimeios Did\u00e1ticos;<\/p>\n\n\n\n<p>IV \u2013 Infraestrutura Escolar.<\/p>\n\n\n\n<p>O Curso est\u00e1 estruturado em 4 (quatro) m\u00f3dulos, com carga hor\u00e1ria total de 1.220 (mil duzentas e vinte) horas te\u00f3rico\/pr\u00e1ticas, contemplando a forma\u00e7\u00e3o profissional espec\u00edfica, sendo que, dessas, 244 horas ser\u00e3o presenciais conforme itiner\u00e1rio formativo descrito abaixo:<\/p>\n\n\n\n<p>M\u00f3dulo I \u2013 sem terminalidade \u2013 ser\u00e3o desenvolvidas 210 (duzentas e dez) horas te\u00f3rico-pr\u00e1ticas.<\/p>\n\n\n\n<p>M\u00f3dulo II \u2013 com terminalidade \u2013 ser\u00e3o desenvolvidas 350 (trezentas e cinquenta) horas te\u00f3rico-pr\u00e1ticas. Estas, acrescidas da carga hor\u00e1ria do M\u00f3dulo I perfazem o total de 560 (quinhentas e sessenta) horas de Qualifica\u00e7\u00e3o Profissional T\u00e9cnica.<\/p>\n\n\n\n<p>M\u00f3dulo III \u2013 sem terminalidade \u2013 ser\u00e3o desenvolvidas 360 (trezentas e sessenta) horas te\u00f3rico-pr\u00e1ticas.<\/p>\n\n\n\n<p>M\u00f3dulo IV \u2013 com terminalidade \u2013 ser\u00e3o desenvolvidas 300 (trezentas) horas te\u00f3rico-pr\u00e1ticas. Estas horas te\u00f3rico-pr\u00e1ticas, acrescidas da carga hor\u00e1ria dos M\u00f3dulos I, II, III perfazem o total de 1.220 (mil duzentas e vinte) horas de habilita\u00e7\u00e3o t\u00e9cnica.<\/p>\n\n\n\n<p>Na Rede Municipal de Ensino de Campo Grande, contamos atualmente com 598 cursistas divididos em duas turmas com aulas quinzenais aos s\u00e1bados. Atendendo assim, no primeiro s\u00e1bado metade desses quantitativo e no segundo s\u00e1bado a outra metade.<\/p>\n<\/div>\n\n<\/div>\n\n<div class=\"has-text-color wp-block-nwe-tabs-item\" id=\"183b114b-1041-464a-82b9-16ba27018dc3\">\n\n<div class=\"wp-block-group is-layout-constrained wp-block-group-is-layout-constrained\">\n<div style=\"height:58px\" aria-hidden=\"true\" class=\"wp-block-spacer\"><\/div>\n\n\n\n<figure class=\"wp-block-table is-style-stripes\"><table class=\"has-fixed-layout\"><tbody><tr><td>Tutor<\/td><td>Ana Maria Ribas<\/td><\/tr><tr><td>Tutor<\/td><td>Fl\u00e1vio Renato Duarte Miranda<\/td><\/tr><tr><td>Coordenador\/Tutor<\/td><td>Jean Carlos do Amaral da Silva<\/td><\/tr><tr><td>Tutor<\/td><td>Jos\u00e9 Paulo Furlan<\/td><\/tr><tr><td>Tutor<\/td><td>Luis Gustavo dos Santos Bega<\/td><\/tr><tr><td>Tutor<\/td><td>Maiko Ferreira da Silva<\/td><\/tr><tr><td>Tutor de visitas<\/td><td>Paulo Jos\u00e9 de Almeida Leite<\/td><\/tr><tr><td>Tutora<\/td><td>Rejane F\u00e1tima Steinhaus<\/td><\/tr><tr><td>Tutora<\/td><td>Rosiley de P\u00e1dua Melo<\/td><\/tr><tr><td>Secret\u00e1ria<\/td><td>Vaneli Garcia Cesar<\/td><\/tr><\/tbody><\/table><\/figure>\n<\/div>\n\n<\/div>\n\n<div class=\"has-text-color wp-block-nwe-tabs-item\" id=\"10b65598-d607-4399-bd44-c51c72e32404\">\n\n<div class=\"wp-block-group is-layout-constrained wp-block-group-is-layout-constrained\">\n<div style=\"height:58px\" aria-hidden=\"true\" class=\"wp-block-spacer\"><\/div>\n\n\n\n<figure data-wp-context=\"{&quot;imageId&quot;:&quot;69d2a18a075ef&quot;}\" data-wp-interactive=\"core\/image\" class=\"wp-block-image alignwide size-large wp-lightbox-container\"><img loading=\"lazy\" decoding=\"async\" width=\"1024\" height=\"576\" data-wp-class--hide=\"state.isContentHidden\" data-wp-class--show=\"state.isContentVisible\" data-wp-init=\"callbacks.setButtonStyles\" data-wp-on-async--click=\"actions.showLightbox\" data-wp-on-async--load=\"callbacks.setButtonStyles\" data-wp-on-async-window--resize=\"callbacks.setButtonStyles\" src=\"https:\/\/campogrande.nucleo.site\/semed\/wp-content\/uploads\/sites\/15\/2023\/12\/Apresentacao1-1024x576.jpg\" alt=\"\" class=\"wp-image-329\" srcset=\"https:\/\/campogrande.nucleo.site\/semed\/wp-content\/uploads\/sites\/15\/2023\/12\/Apresentacao1-1024x576.jpg 1024w, https:\/\/campogrande.nucleo.site\/semed\/wp-content\/uploads\/sites\/15\/2023\/12\/Apresentacao1-300x169.jpg 300w, https:\/\/campogrande.nucleo.site\/semed\/wp-content\/uploads\/sites\/15\/2023\/12\/Apresentacao1-768x432.jpg 768w, https:\/\/campogrande.nucleo.site\/semed\/wp-content\/uploads\/sites\/15\/2023\/12\/Apresentacao1-890x500.jpg 890w, https:\/\/campogrande.nucleo.site\/semed\/wp-content\/uploads\/sites\/15\/2023\/12\/Apresentacao1-356x200.jpg 356w, https:\/\/campogrande.nucleo.site\/semed\/wp-content\/uploads\/sites\/15\/2023\/12\/Apresentacao1.jpg 1280w\" sizes=\"auto, (max-width: 1024px) 100vw, 1024px\" \/><button\n\t\t\tclass=\"lightbox-trigger\"\n\t\t\ttype=\"button\"\n\t\t\taria-haspopup=\"dialog\"\n\t\t\taria-label=\"Ampliar\"\n\t\t\tdata-wp-init=\"callbacks.initTriggerButton\"\n\t\t\tdata-wp-on-async--click=\"actions.showLightbox\"\n\t\t\tdata-wp-style--right=\"state.imageButtonRight\"\n\t\t\tdata-wp-style--top=\"state.imageButtonTop\"\n\t\t>\n\t\t\t<svg xmlns=\"http:\/\/www.w3.org\/2000\/svg\" width=\"12\" height=\"12\" fill=\"none\" viewBox=\"0 0 12 12\">\n\t\t\t\t<path fill=\"#fff\" d=\"M2 0a2 2 0 0 0-2 2v2h1.5V2a.5.5 0 0 1 .5-.5h2V0H2Zm2 10.5H2a.5.5 0 0 1-.5-.5V8H0v2a2 2 0 0 0 2 2h2v-1.5ZM8 12v-1.5h2a.5.5 0 0 0 .5-.5V8H12v2a2 2 0 0 1-2 2H8Zm2-12a2 2 0 0 1 2 2v2h-1.5V2a.5.5 0 0 0-.5-.5H8V0h2Z\" \/>\n\t\t\t<\/svg>\n\t\t<\/button><\/figure>\n<\/div>\n\n<\/div>\n\n<div class=\"has-text-color wp-block-nwe-tabs-item\" id=\"bcfef404-c007-481c-ba12-4a30b7d98454\">\n\n<div class=\"wp-block-group is-vertical is-layout-flex wp-container-core-group-is-layout-fe9cc265 wp-block-group-is-layout-flex\">\n<div class=\"wp-block-group is-layout-constrained wp-block-group-is-layout-constrained\" style=\"margin-top:var(--wp--preset--spacing--30);margin-bottom:var(--wp--preset--spacing--30)\">        <div class=\"model-amount-item-1 wp-block-prefeitura-campogrande-quick-access-grid\">\n            \n\n<div class=\"item has-background wp-block-prefeitura-campogrande-quick-access-item flex-basis-full\" title=\"Ementa\"><a class=\"link\" rel=\"noopener\" href=\"https:\/\/prefcg-repositorio.campogrande.ms.gov.br\/wp-cdn\/uploads\/sites\/5\/2022\/12\/ementas-prefcg-1671735766.pdf\" target=\"_blank\"><div class=\"icon\"><i class=\"nmi-normal\">&#xF0F53;<\/i><\/div><span lang=\"de\" class=\"text\">Ementa<\/span><\/a><\/div>\n\n        <\/div>\n        <\/div>\n<\/div>\n\n<\/div>\n                <\/div>\n                    <\/div>\n        <\/div>\n\n\n\n<div class=\"wp-block-group is-vertical is-content-justification-left is-nowrap is-layout-flex wp-container-core-group-is-layout-970da055 wp-block-group-is-layout-flex\">        <div style=\"height: 450px;\" class=\"model-mosaico has-border-color wp-block-prefeitura-campogrande-post-slider\" data-clientid=\"b848ea9e-fdd6-44a5-8014-a5b31aff4ff5\" data-model=\"mosaico\">\n\t\t\t\t\t\t\n\t\t\t                <div class=\"header\">\n                    <h4 class=\"has-grey-80-color\">Galerias de Fotos<\/h4>\n                    <a href=\"\/galerias\" class=\"link-all\">\n                        <span>Ver todas<\/span>\n                    <\/a>\n                <\/div>\n\t\t\t\t<div class=\"itens\"><\/div>\t\t\t        <\/div>\n\t\t\n\n        <div class=\"model-amount-item-0 wp-block-prefeitura-campogrande-quick-access-grid\">\n                    <\/div>\n        \n\n        <section class=\"wp-block-prefeitura-campogrande-galleries-list\">\n\t\t\t        <\/section>\n\t\t<\/div>\n","protected":false},"excerpt":{"rendered":"","protected":false},"author":1,"featured_media":0,"parent":0,"menu_order":9,"comment_status":"closed","ping_status":"closed","template":"","meta":{"_acf_changed":false,"custom_icon_class":"","footnotes":""},"class_list":["post-194","page","type-page","status-publish","hentry"],"acf":[],"_links":{"self":[{"href":"https:\/\/campogrande.nucleo.site\/semed\/wp-json\/wp\/v2\/pages\/194","targetHints":{"allow":["GET"]}}],"collection":[{"href":"https:\/\/campogrande.nucleo.site\/semed\/wp-json\/wp\/v2\/pages"}],"about":[{"href":"https:\/\/campogrande.nucleo.site\/semed\/wp-json\/wp\/v2\/types\/page"}],"author":[{"embeddable":true,"href":"https:\/\/campogrande.nucleo.site\/semed\/wp-json\/wp\/v2\/users\/1"}],"replies":[{"embeddable":true,"href":"https:\/\/campogrande.nucleo.site\/semed\/wp-json\/wp\/v2\/comments?post=194"}],"version-history":[{"count":11,"href":"https:\/\/campogrande.nucleo.site\/semed\/wp-json\/wp\/v2\/pages\/194\/revisions"}],"predecessor-version":[{"id":1079,"href":"https:\/\/campogrande.nucleo.site\/semed\/wp-json\/wp\/v2\/pages\/194\/revisions\/1079"}],"wp:attachment":[{"href":"https:\/\/campogrande.nucleo.site\/semed\/wp-json\/wp\/v2\/media?parent=194"}],"curies":[{"name":"wp","href":"https:\/\/api.w.org\/{rel}","templated":true}]}}