{"id":790,"date":"2023-12-04T15:16:52","date_gmt":"2023-12-04T18:16:52","guid":{"rendered":"https:\/\/campogrande.nucleo.site\/semed\/?page_id=790"},"modified":"2023-12-04T15:42:59","modified_gmt":"2023-12-04T18:42:59","slug":"como-elaborar-o-plano-de-acao-e-plano-de-aplicacao-financeira-2022-piec","status":"publish","type":"page","link":"https:\/\/campogrande.nucleo.site\/semed\/ditec\/como-elaborar-o-plano-de-acao-e-plano-de-aplicacao-financeira-2022-piec\/","title":{"rendered":"Como Elaborar o Plano de A\u00e7\u00e3o e Plano de Aplica\u00e7\u00e3o Financeira 2022 &#8211; PIEC"},"content":{"rendered":"\n<div style=\"height:57px\" aria-hidden=\"true\" class=\"wp-block-spacer\"><\/div>\n\n\n\n<div class=\"wp-block-columns is-layout-flex wp-container-core-columns-is-layout-28f84493 wp-block-columns-is-layout-flex\">\n<div class=\"wp-block-column is-layout-flow wp-block-column-is-layout-flow\">\n<figure class=\"wp-block-image aligncenter size-full is-resized\"><img loading=\"lazy\" decoding=\"async\" width=\"1670\" height=\"879\" src=\"https:\/\/campogrande.nucleo.site\/semed\/wp-content\/uploads\/sites\/15\/2023\/12\/Screenshot_1-1.jpg\" alt=\"\" class=\"wp-image-799\" style=\"width:513px;height:auto\" srcset=\"https:\/\/campogrande.nucleo.site\/semed\/wp-content\/uploads\/sites\/15\/2023\/12\/Screenshot_1-1.jpg 1670w, https:\/\/campogrande.nucleo.site\/semed\/wp-content\/uploads\/sites\/15\/2023\/12\/Screenshot_1-1-300x158.jpg 300w, https:\/\/campogrande.nucleo.site\/semed\/wp-content\/uploads\/sites\/15\/2023\/12\/Screenshot_1-1-1024x539.jpg 1024w, https:\/\/campogrande.nucleo.site\/semed\/wp-content\/uploads\/sites\/15\/2023\/12\/Screenshot_1-1-768x404.jpg 768w, https:\/\/campogrande.nucleo.site\/semed\/wp-content\/uploads\/sites\/15\/2023\/12\/Screenshot_1-1-1536x808.jpg 1536w\" sizes=\"auto, (max-width: 1670px) 100vw, 1670px\" \/><\/figure>\n\n\n\n<div class=\"wp-block-buttons is-content-justification-center is-layout-flex wp-container-core-buttons-is-layout-a89b3969 wp-block-buttons-is-layout-flex\">\n<div class=\"wp-block-button has-custom-width wp-block-button__width-50 is-style-outline is-style-outline--1\"><a class=\"wp-block-button__link wp-element-button\" href=\"https:\/\/drive.google.com\/file\/d\/1UacW2_-etdcx-LEBgJKXXtZO2YjF0gI0\/view\" style=\"border-style:none;border-width:0px;border-radius:3px\" target=\"_blank\" rel=\"noreferrer noopener\"><strong>ACESSAR MANUAL INTERATIVO<\/strong><\/a><\/div>\n<\/div>\n<\/div>\n<\/div>\n\n\n\n<div style=\"height:57px\" aria-hidden=\"true\" class=\"wp-block-spacer\"><\/div>\n\n\n\n<div class=\"wp-block-columns is-layout-flex wp-container-core-columns-is-layout-28f84493 wp-block-columns-is-layout-flex\">\n<div class=\"wp-block-column is-layout-flow wp-block-column-is-layout-flow\">\n<figure class=\"wp-block-image aligncenter size-full is-resized\"><img loading=\"lazy\" decoding=\"async\" width=\"270\" height=\"105\" src=\"https:\/\/campogrande.nucleo.site\/semed\/wp-content\/uploads\/sites\/15\/2023\/12\/pdde-marca-prefcg-1665776590.png\" alt=\"\" class=\"wp-image-795\" style=\"width:527px;height:auto\"\/><\/figure>\n<\/div>\n<\/div>\n\n\n\n<h2 class=\"wp-block-heading has-text-align-center\">1\u00b0 parte \u2013 Diagn\u00f3stico- Plano de a\u00e7\u00e3o e PAF<\/h2>\n\n\n\n<div class=\"wp-block-buttons is-content-justification-center is-layout-flex wp-container-core-buttons-is-layout-a89b3969 wp-block-buttons-is-layout-flex\">\n<div class=\"wp-block-button has-custom-width wp-block-button__width-50 is-style-outline is-style-outline--2\"><a class=\"wp-block-button__link wp-element-button\" href=\"https:\/\/drive.google.com\/drive\/folders\/1175XDrp-0J0ipICkDeU3YAsMd7revNvQ\" style=\"border-style:none;border-width:0px;border-radius:3px\" target=\"_blank\" rel=\"noreferrer noopener\"><strong>SAIBA MAIS<\/strong><\/a><\/div>\n<\/div>\n\n\n\n<div class=\"wp-block-columns is-layout-flex wp-container-core-columns-is-layout-28f84493 wp-block-columns-is-layout-flex\">\n<div class=\"wp-block-column is-layout-flow wp-block-column-is-layout-flow\">\n<figure class=\"wp-block-image aligncenter size-full is-resized\"><img loading=\"lazy\" decoding=\"async\" width=\"270\" height=\"105\" src=\"https:\/\/campogrande.nucleo.site\/semed\/wp-content\/uploads\/sites\/15\/2023\/12\/pdde-marca-prefcg-1665776590.png\" alt=\"\" class=\"wp-image-795\" style=\"width:527px;height:auto\"\/><\/figure>\n<\/div>\n<\/div>\n\n\n\n<h2 class=\"wp-block-heading has-text-align-center\">2\u00b0 parte \u2013 Preenchimento do Plano de a\u00e7\u00e3o \u2013 PAF<\/h2>\n\n\n\n<div class=\"wp-block-buttons is-content-justification-center is-layout-flex wp-container-core-buttons-is-layout-a89b3969 wp-block-buttons-is-layout-flex\">\n<div class=\"wp-block-button is-style-outline is-style-outline--3\"><a class=\"wp-block-button__link wp-element-button\" href=\"https:\/\/drive.google.com\/drive\/folders\/1175XDrp-0J0ipICkDeU3YAsMd7revNvQ%20\" style=\"border-style:none;border-width:0px;border-radius:3px\" target=\"_blank\" rel=\"noreferrer noopener\"><strong>SAIBA MAIS<\/strong><\/a><\/div>\n<\/div>\n","protected":false},"excerpt":{"rendered":"<p>1\u00b0 parte \u2013 Diagn\u00f3stico- Plano de a\u00e7\u00e3o e PAF 2\u00b0 parte \u2013 Preenchimento do Plano de a\u00e7\u00e3o \u2013 PAF<\/p>\n","protected":false},"author":1,"featured_media":0,"parent":546,"menu_order":0,"comment_status":"closed","ping_status":"closed","template":"","meta":{"_acf_changed":false,"custom_icon_class":"","footnotes":""},"class_list":["post-790","page","type-page","status-publish","hentry"],"acf":[],"_links":{"self":[{"href":"https:\/\/campogrande.nucleo.site\/semed\/wp-json\/wp\/v2\/pages\/790","targetHints":{"allow":["GET"]}}],"collection":[{"href":"https:\/\/campogrande.nucleo.site\/semed\/wp-json\/wp\/v2\/pages"}],"about":[{"href":"https:\/\/campogrande.nucleo.site\/semed\/wp-json\/wp\/v2\/types\/page"}],"author":[{"embeddable":true,"href":"https:\/\/campogrande.nucleo.site\/semed\/wp-json\/wp\/v2\/users\/1"}],"replies":[{"embeddable":true,"href":"https:\/\/campogrande.nucleo.site\/semed\/wp-json\/wp\/v2\/comments?post=790"}],"version-history":[{"count":9,"href":"https:\/\/campogrande.nucleo.site\/semed\/wp-json\/wp\/v2\/pages\/790\/revisions"}],"predecessor-version":[{"id":814,"href":"https:\/\/campogrande.nucleo.site\/semed\/wp-json\/wp\/v2\/pages\/790\/revisions\/814"}],"up":[{"embeddable":true,"href":"https:\/\/campogrande.nucleo.site\/semed\/wp-json\/wp\/v2\/pages\/546"}],"wp:attachment":[{"href":"https:\/\/campogrande.nucleo.site\/semed\/wp-json\/wp\/v2\/media?parent=790"}],"curies":[{"name":"wp","href":"https:\/\/api.w.org\/{rel}","templated":true}]}}