{"id":3,"date":"2023-12-06T10:41:12","date_gmt":"2023-12-06T13:41:12","guid":{"rendered":"https:\/\/campogrande.nucleo.site\/servidor\/?page_id=3"},"modified":"2023-12-11T13:17:06","modified_gmt":"2023-12-11T16:17:06","slug":"cursos","status":"publish","type":"page","link":"https:\/\/campogrande.nucleo.site\/servidor\/cursos\/","title":{"rendered":"Cursos"},"content":{"rendered":"\n<div class=\"wp-block-group is-nowrap is-layout-flex wp-container-core-group-is-layout-6c531013 wp-block-group-is-layout-flex\">        <div class=\"model-amount-item-3 wp-block-prefeitura-campogrande-quick-access-grid\">\n            \n\n<div class=\"item has-background wp-block-prefeitura-campogrande-quick-access-item\" style=\"padding-right:0;padding-left:0\" title=\"Capacita\u00e7\u00e3o de Gestores em Conv\u00eanios e Contratos de Repasse para Servidores Cadastrados no SINCOVI\"><a class=\"link\" rel=\"noopener\" href=\"\" target=\"_self\"><div class=\"icon\"><i class=\"nmi-normal\">&#xF14BB;<\/i><\/div><span lang=\"de\" class=\"text\">Capacita\u00e7\u00e3o de Gestores em Conv\u00eanios e Contratos de Repasse para Servidores Cadastrados no SINCOVI<\/span><\/a><\/div>\n\n\n\n<div class=\"item has-background wp-block-prefeitura-campogrande-quick-access-item\" title=\"Capacita\u00e7\u00e3o Em Informatica Para Servidores\"><a class=\"link\" rel=\"noopener\" href=\"\" target=\"_self\"><div class=\"icon\"><i class=\"nmi-normal\">&#xF14BB;<\/i><\/div><span lang=\"de\" class=\"text\">Capacita\u00e7\u00e3o Em Informatica Para Servidores<\/span><\/a><\/div>\n\n\n\n<div class=\"item has-background wp-block-prefeitura-campogrande-quick-access-item\" title=\"SCAP Web\"><a class=\"link\" rel=\"noopener\" href=\"\" target=\"_self\"><div class=\"icon\"><i class=\"nmi-normal\">&#xF14BB;<\/i><\/div><span lang=\"de\" class=\"text\">SCAP Web<\/span><\/a><\/div>\n\n        <\/div>\n        <\/div>\n","protected":false},"excerpt":{"rendered":"","protected":false},"author":1,"featured_media":0,"parent":0,"menu_order":0,"comment_status":"closed","ping_status":"closed","template":"","meta":{"_acf_changed":false,"custom_icon_class":"","footnotes":""},"class_list":["post-3","page","type-page","status-publish","hentry"],"acf":[],"_links":{"self":[{"href":"https:\/\/campogrande.nucleo.site\/servidor\/wp-json\/wp\/v2\/pages\/3","targetHints":{"allow":["GET"]}}],"collection":[{"href":"https:\/\/campogrande.nucleo.site\/servidor\/wp-json\/wp\/v2\/pages"}],"about":[{"href":"https:\/\/campogrande.nucleo.site\/servidor\/wp-json\/wp\/v2\/types\/page"}],"author":[{"embeddable":true,"href":"https:\/\/campogrande.nucleo.site\/servidor\/wp-json\/wp\/v2\/users\/1"}],"replies":[{"embeddable":true,"href":"https:\/\/campogrande.nucleo.site\/servidor\/wp-json\/wp\/v2\/comments?post=3"}],"version-history":[{"count":3,"href":"https:\/\/campogrande.nucleo.site\/servidor\/wp-json\/wp\/v2\/pages\/3\/revisions"}],"predecessor-version":[{"id":192,"href":"https:\/\/campogrande.nucleo.site\/servidor\/wp-json\/wp\/v2\/pages\/3\/revisions\/192"}],"wp:attachment":[{"href":"https:\/\/campogrande.nucleo.site\/servidor\/wp-json\/wp\/v2\/media?parent=3"}],"curies":[{"name":"wp","href":"https:\/\/api.w.org\/{rel}","templated":true}]}}