{"id":58,"date":"2023-12-06T13:49:18","date_gmt":"2023-12-06T16:49:18","guid":{"rendered":"https:\/\/campogrande.nucleo.site\/servidor\/?page_id=58"},"modified":"2023-12-11T10:01:24","modified_gmt":"2023-12-11T13:01:24","slug":"clubes-de-entretenimento","status":"publish","type":"page","link":"https:\/\/campogrande.nucleo.site\/servidor\/clubes-de-entretenimento\/","title":{"rendered":"Clubes De Entretenimento"},"content":{"rendered":"\n<h2 class=\"wp-block-heading has-text-align-center\">Eco Park Clube Campo Grande<\/h2>\n\n\n\n<div class=\"wp-block-columns is-layout-flex wp-container-core-columns-is-layout-28f84493 wp-block-columns-is-layout-flex\">\n<div class=\"wp-block-column is-vertically-aligned-center is-layout-flow wp-block-column-is-layout-flow\">\n<figure data-wp-context=\"{&quot;imageId&quot;:&quot;69fe10312c742&quot;}\" data-wp-interactive=\"core\/image\" data-wp-key=\"69fe10312c742\" class=\"wp-block-image alignright size-full is-resized wp-lightbox-container\"><img loading=\"lazy\" decoding=\"async\" width=\"300\" height=\"300\" data-wp-class--hide=\"state.isContentHidden\" data-wp-class--show=\"state.isContentVisible\" data-wp-init=\"callbacks.setButtonStyles\" data-wp-on--click=\"actions.showLightbox\" data-wp-on--load=\"callbacks.setButtonStyles\" data-wp-on-window--resize=\"callbacks.setButtonStyles\" src=\"https:\/\/campogrande.nucleo.site\/servidor\/wp-content\/uploads\/sites\/16\/2023\/12\/img-2908-300x300-1.jpg\" alt=\"\" class=\"wp-image-61\" style=\"width:391px\" srcset=\"https:\/\/campogrande.nucleo.site\/servidor\/wp-content\/uploads\/sites\/16\/2023\/12\/img-2908-300x300-1.jpg 300w, https:\/\/campogrande.nucleo.site\/servidor\/wp-content\/uploads\/sites\/16\/2023\/12\/img-2908-300x300-1-150x150.jpg 150w\" sizes=\"auto, (max-width: 300px) 100vw, 300px\" \/><button\n\t\t\tclass=\"lightbox-trigger\"\n\t\t\ttype=\"button\"\n\t\t\taria-haspopup=\"dialog\"\n\t\t\taria-label=\"Ampliar\"\n\t\t\tdata-wp-init=\"callbacks.initTriggerButton\"\n\t\t\tdata-wp-on--click=\"actions.showLightbox\"\n\t\t\tdata-wp-style--right=\"state.imageButtonRight\"\n\t\t\tdata-wp-style--top=\"state.imageButtonTop\"\n\t\t>\n\t\t\t<svg xmlns=\"http:\/\/www.w3.org\/2000\/svg\" width=\"12\" height=\"12\" fill=\"none\" viewBox=\"0 0 12 12\">\n\t\t\t\t<path fill=\"#fff\" d=\"M2 0a2 2 0 0 0-2 2v2h1.5V2a.5.5 0 0 1 .5-.5h2V0H2Zm2 10.5H2a.5.5 0 0 1-.5-.5V8H0v2a2 2 0 0 0 2 2h2v-1.5ZM8 12v-1.5h2a.5.5 0 0 0 .5-.5V8H12v2a2 2 0 0 1-2 2H8Zm2-12a2 2 0 0 1 2 2v2h-1.5V2a.5.5 0 0 0-.5-.5H8V0h2Z\" \/>\n\t\t\t<\/svg>\n\t\t<\/button><\/figure>\n<\/div>\n\n\n\n<div class=\"wp-block-column is-layout-flow wp-block-column-is-layout-flow\">\n<figure data-wp-context=\"{&quot;imageId&quot;:&quot;69fe10312d39c&quot;}\" data-wp-interactive=\"core\/image\" data-wp-key=\"69fe10312d39c\" class=\"wp-block-image alignleft size-full is-resized has-custom-border wp-lightbox-container\"><img loading=\"lazy\" decoding=\"async\" width=\"300\" height=\"300\" data-wp-class--hide=\"state.isContentHidden\" data-wp-class--show=\"state.isContentVisible\" data-wp-init=\"callbacks.setButtonStyles\" data-wp-on--click=\"actions.showLightbox\" data-wp-on--load=\"callbacks.setButtonStyles\" data-wp-on-window--resize=\"callbacks.setButtonStyles\" src=\"https:\/\/campogrande.nucleo.site\/servidor\/wp-content\/uploads\/sites\/16\/2023\/12\/img-2909-300x300-1.jpg\" alt=\"\" class=\"wp-image-62\" style=\"border-width:1px;width:391px;height:auto\" srcset=\"https:\/\/campogrande.nucleo.site\/servidor\/wp-content\/uploads\/sites\/16\/2023\/12\/img-2909-300x300-1.jpg 300w, https:\/\/campogrande.nucleo.site\/servidor\/wp-content\/uploads\/sites\/16\/2023\/12\/img-2909-300x300-1-150x150.jpg 150w\" sizes=\"auto, (max-width: 300px) 100vw, 300px\" \/><button\n\t\t\tclass=\"lightbox-trigger\"\n\t\t\ttype=\"button\"\n\t\t\taria-haspopup=\"dialog\"\n\t\t\taria-label=\"Ampliar\"\n\t\t\tdata-wp-init=\"callbacks.initTriggerButton\"\n\t\t\tdata-wp-on--click=\"actions.showLightbox\"\n\t\t\tdata-wp-style--right=\"state.imageButtonRight\"\n\t\t\tdata-wp-style--top=\"state.imageButtonTop\"\n\t\t>\n\t\t\t<svg xmlns=\"http:\/\/www.w3.org\/2000\/svg\" width=\"12\" height=\"12\" fill=\"none\" viewBox=\"0 0 12 12\">\n\t\t\t\t<path fill=\"#fff\" d=\"M2 0a2 2 0 0 0-2 2v2h1.5V2a.5.5 0 0 1 .5-.5h2V0H2Zm2 10.5H2a.5.5 0 0 1-.5-.5V8H0v2a2 2 0 0 0 2 2h2v-1.5ZM8 12v-1.5h2a.5.5 0 0 0 .5-.5V8H12v2a2 2 0 0 1-2 2H8Zm2-12a2 2 0 0 1 2 2v2h-1.5V2a.5.5 0 0 0-.5-.5H8V0h2Z\" \/>\n\t\t\t<\/svg>\n\t\t<\/button><\/figure>\n<\/div>\n<\/div>\n\n\n\n<p class=\"has-text-align-center\" style=\"padding-top:20px;padding-bottom:20px\"><strong>Conv\u00eanio firmado entre o Munic\u00edpio de Campo Grande\/MS e a Associa\u00e7\u00e3o Municipal Atl\u00e9tico Clube \u2013 AMAC (Eco Park Clube).<\/strong><\/p>\n\n\n\n<figure class=\"wp-block-table is-style-stripes\"><table class=\"has-fixed-layout\"><tbody><tr><td class=\"has-text-align-center\" data-align=\"center\">O desconto \u00e9 disponibilizado na forma de consigna\u00e7\u00e3o em folha de pagamento;<\/td><\/tr><tr><td class=\"has-text-align-center\" data-align=\"center\">Valor de R$ 50,00 por plano de ades\u00e3o, sendo assegurado a inclus\u00e3o, sem custos, do c\u00f4njuge ou convivente e filhos at\u00e9 24 anos como dependentes ou, se solteiro, a indica\u00e7\u00e3o de 2 familiares;<\/td><\/tr><tr><td class=\"has-text-align-center\" data-align=\"center\">Al\u00e9m da possibilidade de inclus\u00e3o de agregados ao plano de familiares, n\u00e3o previstos como dependentes, pagando-se o valor adicional de R$ 30,00 por dependente.<\/td><\/tr><tr><td class=\"has-text-align-center\" data-align=\"center\">Sendo estipulado tamb\u00e9m o pagamento do valor de R$ 15,00 para exame m\u00e9dico, com validade de 60 dias.<\/td><\/tr><tr><td class=\"has-text-align-center\" data-align=\"center\">Pagamento de R$ 20,00 para emiss\u00e3o de carteirinha social, cuja validade \u00e9 de 12 meses.<\/td><\/tr><\/tbody><\/table><figcaption class=\"wp-element-caption\">Telefone: (67) 99304-1111<br>Endere\u00e7o: BR-262, 3050, Campo Grande \u2013 MS, 79100-400<\/figcaption><\/figure>\n","protected":false},"excerpt":{"rendered":"<p>Eco Park Clube Campo Grande Conv\u00eanio firmado entre o Munic\u00edpio de Campo Grande\/MS e a Associa\u00e7\u00e3o Municipal Atl\u00e9tico Clube \u2013 AMAC (Eco Park Clube). O desconto \u00e9 disponibilizado na forma de consigna\u00e7\u00e3o em folha de pagamento; Valor de R$ 50,00 por plano de ades\u00e3o, sendo assegurado a inclus\u00e3o, sem custos, do c\u00f4njuge ou convivente e [&hellip;]<\/p>\n","protected":false},"author":1,"featured_media":0,"parent":0,"menu_order":4,"comment_status":"closed","ping_status":"closed","template":"","meta":{"_acf_changed":false,"custom_icon_class":"","footnotes":""},"class_list":["post-58","page","type-page","status-publish","hentry"],"acf":[],"_links":{"self":[{"href":"https:\/\/campogrande.nucleo.site\/servidor\/wp-json\/wp\/v2\/pages\/58","targetHints":{"allow":["GET"]}}],"collection":[{"href":"https:\/\/campogrande.nucleo.site\/servidor\/wp-json\/wp\/v2\/pages"}],"about":[{"href":"https:\/\/campogrande.nucleo.site\/servidor\/wp-json\/wp\/v2\/types\/page"}],"author":[{"embeddable":true,"href":"https:\/\/campogrande.nucleo.site\/servidor\/wp-json\/wp\/v2\/users\/1"}],"replies":[{"embeddable":true,"href":"https:\/\/campogrande.nucleo.site\/servidor\/wp-json\/wp\/v2\/comments?post=58"}],"version-history":[{"count":9,"href":"https:\/\/campogrande.nucleo.site\/servidor\/wp-json\/wp\/v2\/pages\/58\/revisions"}],"predecessor-version":[{"id":238,"href":"https:\/\/campogrande.nucleo.site\/servidor\/wp-json\/wp\/v2\/pages\/58\/revisions\/238"}],"wp:attachment":[{"href":"https:\/\/campogrande.nucleo.site\/servidor\/wp-json\/wp\/v2\/media?parent=58"}],"curies":[{"name":"wp","href":"https:\/\/api.w.org\/{rel}","templated":true}]}}