{"id":93,"date":"2023-12-06T14:35:55","date_gmt":"2023-12-06T17:35:55","guid":{"rendered":"https:\/\/campogrande.nucleo.site\/servidor\/?page_id=93"},"modified":"2023-12-06T14:36:27","modified_gmt":"2023-12-06T17:36:27","slug":"informe-impcg","status":"publish","type":"page","link":"https:\/\/campogrande.nucleo.site\/servidor\/servicos-ao-servidor\/informe-impcg\/","title":{"rendered":"Informe IMPCG"},"content":{"rendered":"\n<p class=\"has-text-align-center\">Aten\u00e7\u00e3o Servidores Municipais! O Instituto Municipal de Previd\u00eancia de Campo Grande \u2013 IMPCG \u2013 por meio do SERVIMED informa a seus usu\u00e1rios que a partir do dia 10 de agosto ser\u00e1 cobrado no ato da consulta m\u00e9dica, como fator participativo antecipado, a taxa de R$ 10,00 (dez reais).  <\/p>\n\n\n\n<figure class=\"wp-block-table is-style-stripes\"><table class=\"has-fixed-layout\"><thead><tr><th class=\"has-text-align-center\" data-align=\"center\">O valor n\u00e3o ser\u00e1 aplicado apenas aos atendimentos realizados nas seguintes Institui\u00e7\u00f5es<\/th><\/tr><\/thead><tbody><tr><td class=\"has-text-align-center\" data-align=\"center\">Centro M\u00e9dico<\/td><\/tr><tr><td class=\"has-text-align-center\" data-align=\"center\">Pronto Socorro Hospitalar<\/td><\/tr><tr><td class=\"has-text-align-center\" data-align=\"center\">Prontomed (Santa Casa)<\/td><\/tr><tr><td class=\"has-text-align-center\" data-align=\"center\">Proc\u00e1rdio (Cl\u00ednica Campo Grande)<\/td><\/tr><tr><td class=\"has-text-align-center\" data-align=\"center\">Hospital Infantil S\u00e3o Lucas<\/td><\/tr><tr><td class=\"has-text-align-center\" data-align=\"center\">Hospital Adventista do P\u00eanfigo<\/td><\/tr><tr><td class=\"has-text-align-center\" data-align=\"center\">Hospital S\u00edrio Liban\u00eas<\/td><\/tr><tr><td class=\"has-text-align-center\" data-align=\"center\">Associa\u00e7\u00e3o de Amparo \u00e0 Maternidade e \u00c0 Inf\u00e2ncia (C\u00e2ndido Mariano)<\/td><\/tr><\/tbody><\/table><\/figure>\n","protected":false},"excerpt":{"rendered":"<p>Aten\u00e7\u00e3o Servidores Municipais! O Instituto Municipal de Previd\u00eancia de Campo Grande \u2013 IMPCG \u2013 por meio do SERVIMED informa a seus usu\u00e1rios que a partir do dia 10 de agosto ser\u00e1 cobrado no ato da consulta m\u00e9dica, como fator participativo antecipado, a taxa de R$ 10,00 (dez reais). O valor n\u00e3o ser\u00e1 aplicado apenas aos [&hellip;]<\/p>\n","protected":false},"author":1,"featured_media":0,"parent":89,"menu_order":0,"comment_status":"closed","ping_status":"closed","template":"","meta":{"_acf_changed":false,"custom_icon_class":"","footnotes":""},"class_list":["post-93","page","type-page","status-publish","hentry"],"acf":[],"_links":{"self":[{"href":"https:\/\/campogrande.nucleo.site\/servidor\/wp-json\/wp\/v2\/pages\/93","targetHints":{"allow":["GET"]}}],"collection":[{"href":"https:\/\/campogrande.nucleo.site\/servidor\/wp-json\/wp\/v2\/pages"}],"about":[{"href":"https:\/\/campogrande.nucleo.site\/servidor\/wp-json\/wp\/v2\/types\/page"}],"author":[{"embeddable":true,"href":"https:\/\/campogrande.nucleo.site\/servidor\/wp-json\/wp\/v2\/users\/1"}],"replies":[{"embeddable":true,"href":"https:\/\/campogrande.nucleo.site\/servidor\/wp-json\/wp\/v2\/comments?post=93"}],"version-history":[{"count":2,"href":"https:\/\/campogrande.nucleo.site\/servidor\/wp-json\/wp\/v2\/pages\/93\/revisions"}],"predecessor-version":[{"id":98,"href":"https:\/\/campogrande.nucleo.site\/servidor\/wp-json\/wp\/v2\/pages\/93\/revisions\/98"}],"up":[{"embeddable":true,"href":"https:\/\/campogrande.nucleo.site\/servidor\/wp-json\/wp\/v2\/pages\/89"}],"wp:attachment":[{"href":"https:\/\/campogrande.nucleo.site\/servidor\/wp-json\/wp\/v2\/media?parent=93"}],"curies":[{"name":"wp","href":"https:\/\/api.w.org\/{rel}","templated":true}]}}