{"id":32,"date":"2023-10-19T14:18:55","date_gmt":"2023-10-19T17:18:55","guid":{"rendered":"https:\/\/campogrande.nucleo.site\/sidagro\/?page_id=32"},"modified":"2023-10-19T14:24:48","modified_gmt":"2023-10-19T17:24:48","slug":"conselho-municipal-de-desenvolvimento-economico","status":"publish","type":"page","link":"https:\/\/campogrande.nucleo.site\/sidagro\/conselho-municipal-de-desenvolvimento-economico\/","title":{"rendered":"Conselho Municipal de Desenvolvimento Econ\u00f4mico"},"content":{"rendered":"\n<p><\/p>\n\n\n\n<h4 class=\"wp-block-heading\">DECRETO <q>PE<\/q> n. 2.935, DE 19 DE AGOSTO DE 2021<\/h4>\n\n\n\n<figure class=\"wp-block-table\"><table><tbody><tr><td rowspan=\"7\">I \u2013 Representantes de \u00d3rg\u00e3os Governamentais:<\/td><td>1 \u2013 Secretaria Municipal de Governo e Rela\u00e7\u00f5es Institucionais \u2013 SEGOV<\/td><td><strong>Titular:<\/strong> Antonio C\u00e9zar Lacerda Alves <strong>Suplente:<\/strong> Thiago Lescano Guerra<\/td><\/tr><tr><td>2 \u2013 Secretaria Municipal de Finan\u00e7as e Planejamento \u2013 SEFIN<\/td><td><strong>Titular:<\/strong> Pedro Pedrossian Neto <strong>Suplente:<\/strong> Ronney Alencar Moreira<\/td><\/tr><tr><td>3 \u2013 Gabinete do Prefeito \u2013 GAPRE<\/td><td><strong>Titular:<\/strong> Luiz Afonso de Freitas Gon\u00e7alves <strong>Suplente:<\/strong> Alex de Oliveira Gon\u00e7alves<\/td><\/tr><tr><td>4 \u2013 Secretaria Municipal de Inova\u00e7\u00e3o, Desenvolvimento Econ\u00f4mico e Agroneg\u00f3cio \u2013 SIDAGRO<\/td><td><strong>Titular:<\/strong> Rodrigo Barbosa Terra <strong>Suplente:<\/strong> Mara Beth\u00e2nia Bastos Gurgel de Menezes<\/td><\/tr><tr><td>5 \u2013 Procuradoria Geral do Munic\u00edpio \u2013 PGM<\/td><td><strong>Titular:<\/strong> Alexandre \u00c1valo Santana <strong>Suplente:<\/strong>T\u00e1ssia Nolasco da Rocha<\/td><\/tr><tr><td>6 \u2013 Secretaria Municipal de Meio Ambiente e Gest\u00e3o Urbana \u2013 SEMADUR<\/td><td><strong>Titular:<\/strong> Luis Eduardo Costa <strong>Suplente:<\/strong> Gisseli Ramalho Giraldelli dos Santos<\/td><\/tr><tr><td>7 \u2013 Funda\u00e7\u00e3o Social do Trabalho de Campo Grande \u2013 FUNSAT<\/td><td><strong>Titular:<\/strong> Luciano Silva Martins <strong>Suplente:<\/strong> Catyuce Thais Silva de Lima.<\/td><\/tr><tr><td rowspan=\"6\">II \u2013 Representantes de Entidades N\u00e3o Governamentais<\/td><td>1 \u2013 Federa\u00e7\u00e3o das Ind\u00fastrias do Estado do Mato Grosso do Sul \u2013 FIEMS<\/td><td><strong>Titular:<\/strong> Juli\u00e3o Flaves Ga\u00fana <strong>Suplente:<\/strong> Altair da Gra\u00e7a Cruz<\/td><\/tr><tr><td>2 \u2013 Associa\u00e7\u00e3o Comercial e Industrial de Campo Grande \u2013 ACICG<\/td><td><strong>Titular:<\/strong> Renato Paniago da Silva <strong>Suplente: <\/strong>Waldilei Borges de Almeida<\/td><\/tr><tr><td>3 \u2013 Sindicato dos Trabalhadores nas Ind\u00fastrias de Alimenta\u00e7\u00e3o de Campo Grande e Regi\u00e3o do Estado de Mato Grosso do Sul<\/td><td><strong>Titular:<\/strong> Rinaldo de Sousa Salom\u00e3o <strong>Suplente:<\/strong> Taysa da Silva Salom\u00e3o<\/td><\/tr><tr><td>4 \u2013 Sindicato Rural de Campo Grande \u2013 Mato Grosso do Sul<\/td><td><strong>Titular:<\/strong> Ronan Rinaldi de Souza Salgueiro <strong>Suplente:<\/strong> Alexandre de Paula Junqueira Netto<\/td><\/tr><tr><td>5 \u2013 Servi\u00e7o de Apoio \u00e0 Micro e Pequenas Empresas \u2013 SEBRAE<\/td><td><strong>Titular:<\/strong> Cintia Shigemoto Guedes <strong>Suplente:<\/strong> Tetis Maria Gon\u00e7alves<\/td><\/tr><tr><td>6 \u2013 Sindicato das Empresas de Servi\u00e7os Cont\u00e1beis e das Empresas de Assessoramento, Per\u00edcias, Informa\u00e7\u00f5es e Pesquisas no Estado de Mato Grosso do Sul \u2013 SESCON-MS<\/td><td><strong>Titular:<\/strong> Aurivam Gomes Monteiro <strong>Suplente:<\/strong> Roberto Arruda de Amorim<\/td><\/tr><\/tbody><\/table><\/figure>\n\n\n\n<h3 class=\"wp-block-heading\">DIOGRANDE n. 6.390 &#8211; P\u00c1GINA 28 &#8211; sexta-feira, 20 de agosto de 2021<\/h3>\n\n\n\n<p><a href=\"https:\/\/diogrande.campogrande.ms.gov.br\/download_edicao\/eyJjb2RpZ29kaWEiOiI3NzQ1In0%3D.pdf\">Download<\/a><\/p>\n","protected":false},"excerpt":{"rendered":"<p>DECRETO PE n. 2.935, DE 19 DE AGOSTO DE 2021 I \u2013 Representantes de \u00d3rg\u00e3os Governamentais: 1 \u2013 Secretaria Municipal de Governo e Rela\u00e7\u00f5es Institucionais \u2013 SEGOV Titular: Antonio C\u00e9zar Lacerda Alves Suplente: Thiago Lescano Guerra 2 \u2013 Secretaria Municipal de Finan\u00e7as e Planejamento \u2013 SEFIN Titular: Pedro Pedrossian Neto Suplente: Ronney Alencar Moreira 3 [&hellip;]<\/p>\n","protected":false},"author":1,"featured_media":0,"parent":0,"menu_order":3,"comment_status":"closed","ping_status":"closed","template":"","meta":{"_acf_changed":false,"custom_icon_class":"","footnotes":""},"class_list":["post-32","page","type-page","status-publish","hentry"],"acf":[],"_links":{"self":[{"href":"https:\/\/campogrande.nucleo.site\/sidagro\/wp-json\/wp\/v2\/pages\/32","targetHints":{"allow":["GET"]}}],"collection":[{"href":"https:\/\/campogrande.nucleo.site\/sidagro\/wp-json\/wp\/v2\/pages"}],"about":[{"href":"https:\/\/campogrande.nucleo.site\/sidagro\/wp-json\/wp\/v2\/types\/page"}],"author":[{"embeddable":true,"href":"https:\/\/campogrande.nucleo.site\/sidagro\/wp-json\/wp\/v2\/users\/1"}],"replies":[{"embeddable":true,"href":"https:\/\/campogrande.nucleo.site\/sidagro\/wp-json\/wp\/v2\/comments?post=32"}],"version-history":[{"count":5,"href":"https:\/\/campogrande.nucleo.site\/sidagro\/wp-json\/wp\/v2\/pages\/32\/revisions"}],"predecessor-version":[{"id":46,"href":"https:\/\/campogrande.nucleo.site\/sidagro\/wp-json\/wp\/v2\/pages\/32\/revisions\/46"}],"wp:attachment":[{"href":"https:\/\/campogrande.nucleo.site\/sidagro\/wp-json\/wp\/v2\/media?parent=32"}],"curies":[{"name":"wp","href":"https:\/\/api.w.org\/{rel}","templated":true}]}}